Last updated on 2024-06-27 16:49:16 CEST.
Flavor | Version | Tinstall | Tcheck | Ttotal | Status | Flags |
---|---|---|---|---|---|---|
r-devel-linux-x86_64-debian-clang | 1.3 | NOTE | ||||
r-devel-linux-x86_64-debian-gcc | 1.3 | 12.70 | 79.28 | 91.98 | NOTE | |
r-devel-linux-x86_64-fedora-clang | 1.3 | 180.09 | NOTE | |||
r-devel-linux-x86_64-fedora-gcc | 1.3 | 199.07 | NOTE | |||
r-devel-windows-x86_64 | 1.3 | 18.00 | 138.00 | 156.00 | NOTE | |
r-patched-linux-x86_64 | 1.3 | 15.09 | 108.17 | 123.26 | NOTE | |
r-release-linux-x86_64 | 1.3 | 14.38 | 107.11 | 121.49 | NOTE | |
r-release-macos-arm64 | 1.3 | 51.00 | NOTE | |||
r-release-macos-x86_64 | 1.3 | 80.00 | NOTE | |||
r-release-windows-x86_64 | 1.3 | 17.00 | 139.00 | 156.00 | NOTE | |
r-oldrel-macos-arm64 | 1.3 | 59.00 | NOTE | |||
r-oldrel-macos-x86_64 | 1.3 | 91.00 | NOTE | |||
r-oldrel-windows-x86_64 | 1.3 | 20.00 | 159.00 | 179.00 | NOTE |
Version: 1.3
Check: C++ specification
Result: NOTE
Specified C++11: please drop specification unless essential
Flavors: r-devel-linux-x86_64-debian-clang, r-devel-linux-x86_64-debian-gcc, r-devel-linux-x86_64-fedora-clang, r-devel-linux-x86_64-fedora-gcc, r-devel-windows-x86_64, r-patched-linux-x86_64, r-release-linux-x86_64, r-release-macos-arm64, r-release-macos-x86_64, r-release-windows-x86_64, r-oldrel-macos-arm64, r-oldrel-macos-x86_64, r-oldrel-windows-x86_64