Last updated on 2024-06-27 16:49:16 CEST.
Flavor | Version | Tinstall | Tcheck | Ttotal | Status | Flags |
---|---|---|---|---|---|---|
r-devel-linux-x86_64-debian-clang | 2.0-2 | OK | ||||
r-devel-linux-x86_64-debian-gcc | 2.0-2 | 114.22 | 153.97 | 268.19 | OK | |
r-devel-linux-x86_64-fedora-clang | 2.0-2 | 520.32 | OK | |||
r-devel-linux-x86_64-fedora-gcc | 2.0-2 | 525.46 | OK | |||
r-devel-windows-x86_64 | 2.0-2 | 123.00 | 240.00 | 363.00 | OK | |
r-patched-linux-x86_64 | 2.0-2 | 143.39 | 209.04 | 352.43 | OK | |
r-release-linux-x86_64 | 2.0-2 | 136.05 | 207.63 | 343.68 | OK | |
r-release-macos-arm64 | 2.0-2 | 120.00 | NOTE | |||
r-release-macos-x86_64 | 2.0-2 | 172.00 | NOTE | |||
r-release-windows-x86_64 | 2.0-2 | 129.00 | 245.00 | 374.00 | OK | |
r-oldrel-macos-arm64 | 2.0-2 | 127.00 | NOTE | |||
r-oldrel-macos-x86_64 | 2.0-2 | 240.00 | NOTE | |||
r-oldrel-windows-x86_64 | 2.0-2 | 155.00 | 285.00 | 440.00 | OK |
Version: 2.0-2
Check: installed package size
Result: NOTE
installed size is 12.9Mb
sub-directories of 1Mb or more:
doc 1.7Mb
libs 9.9Mb
Flavors: r-release-macos-arm64, r-release-macos-x86_64, r-oldrel-macos-arm64, r-oldrel-macos-x86_64