Last updated on 2024-06-27 16:49:16 CEST.
Flavor | Version | Tinstall | Tcheck | Ttotal | Status | Flags |
---|---|---|---|---|---|---|
r-devel-linux-x86_64-debian-clang | 1.3.2 | OK | ||||
r-devel-linux-x86_64-debian-gcc | 1.3.2 | 39.47 | 329.11 | 368.58 | OK | |
r-devel-linux-x86_64-fedora-clang | 1.3.2 | 622.30 | NOTE | |||
r-devel-linux-x86_64-fedora-gcc | 1.3.2 | 549.84 | OK | |||
r-devel-windows-x86_64 | 1.3.2 | 41.00 | 274.00 | 315.00 | OK | |
r-patched-linux-x86_64 | 1.3.2 | 37.93 | 426.54 | 464.47 | OK | |
r-release-linux-x86_64 | 1.3.2 | 34.18 | 436.12 | 470.30 | OK | |
r-release-macos-arm64 | 1.3.2 | 155.00 | OK | |||
r-release-macos-x86_64 | 1.3.2 | 326.00 | OK | |||
r-release-windows-x86_64 | 1.3.2 | 41.00 | 281.00 | 322.00 | OK | |
r-oldrel-macos-arm64 | 1.3.2 | 156.00 | OK | |||
r-oldrel-macos-x86_64 | 1.3.2 | 346.00 | OK | |||
r-oldrel-windows-x86_64 | 1.3.2 | 56.00 | 375.00 | 431.00 | OK |
Version: 1.3.2
Check: package dependencies
Result: NOTE
Imports includes 25 non-default packages.
Importing from so many packages makes the package vulnerable to any of
them becoming unavailable. Move as many as possible to Suggests and
use conditionally.
Flavor: r-devel-linux-x86_64-fedora-clang