Last updated on 2024-07-13 11:49:28 CEST.
Flavor | Version | Tinstall | Tcheck | Ttotal | Status | Flags |
---|---|---|---|---|---|---|
r-devel-linux-x86_64-debian-clang | 1.6-2 | 25.34 | 228.72 | 254.06 | OK | |
r-devel-linux-x86_64-debian-gcc | 1.6-2 | 14.75 | 165.89 | 180.64 | OK | |
r-devel-linux-x86_64-fedora-clang | 1.6-2 | 320.01 | NOTE | |||
r-devel-linux-x86_64-fedora-gcc | 1.6-2 | 304.75 | OK | |||
r-devel-windows-x86_64 | 1.6-2 | 25.00 | 194.00 | 219.00 | OK | |
r-patched-linux-x86_64 | 1.6-2 | 25.63 | 217.28 | 242.91 | OK | |
r-release-linux-x86_64 | 1.6-2 | 21.31 | 209.34 | 230.65 | OK | |
r-release-macos-arm64 | 1.6-2 | 50.00 | OK | |||
r-release-macos-x86_64 | 1.6-2 | 114.00 | OK | |||
r-release-windows-x86_64 | 1.6-2 | 23.00 | 194.00 | 217.00 | OK | |
r-oldrel-macos-arm64 | 1.6-2 | 65.00 | OK | |||
r-oldrel-macos-x86_64 | 1.6-2 | 132.00 | OK | |||
r-oldrel-windows-x86_64 | 1.6-2 | 25.00 | 280.00 | 305.00 | OK |
Version: 1.6-2
Check: Rd cross-references
Result: NOTE
Undeclared package ‘dbscan’ in Rd xrefs
Flavor: r-devel-linux-x86_64-fedora-clang