Last updated on 2024-06-21 15:53:04 CEST.
Flavor | Version | Tinstall | Tcheck | Ttotal | Status | Flags |
---|---|---|---|---|---|---|
r-devel-linux-x86_64-debian-clang | 1.0-1 | 26.23 | 215.75 | 241.98 | OK | |
r-devel-linux-x86_64-debian-gcc | 1.0-1 | 18.80 | 154.35 | 173.15 | OK | |
r-devel-linux-x86_64-fedora-clang | 1.0-1 | 306.98 | NOTE | |||
r-devel-linux-x86_64-fedora-gcc | 1.0-1 | 309.12 | OK | |||
r-devel-windows-x86_64 | 1.0-1 | 24.00 | 177.00 | 201.00 | OK | |
r-patched-linux-x86_64 | 1.0-1 | 32.47 | 206.60 | 239.07 | OK | |
r-release-linux-x86_64 | 1.0-1 | 20.13 | 200.68 | 220.81 | OK | |
r-release-macos-arm64 | 1.0-1 | 84.00 | OK | |||
r-release-macos-x86_64 | 1.0-1 | 121.00 | OK | |||
r-release-windows-x86_64 | 1.0-1 | 23.00 | 181.00 | 204.00 | OK | |
r-oldrel-macos-arm64 | 1.0-1 | 89.00 | OK | |||
r-oldrel-macos-x86_64 | 1.0-1 | 121.00 | OK | |||
r-oldrel-windows-x86_64 | 1.0-1 | 29.00 | 215.00 | 244.00 | OK |
Version: 1.0-1
Check: Rd cross-references
Result: NOTE
Undeclared package ‘dbscan’ in Rd xrefs
Flavor: r-devel-linux-x86_64-fedora-clang