Last updated on 2024-06-27 10:49:43 CEST.
Flavor | Version | Tinstall | Tcheck | Ttotal | Status | Flags |
---|---|---|---|---|---|---|
r-devel-linux-x86_64-debian-clang | 0.2.0 | OK | ||||
r-devel-linux-x86_64-debian-gcc | 0.2.0 | 38.05 | 138.94 | 176.99 | OK | |
r-devel-linux-x86_64-fedora-clang | 0.2.0 | 282.21 | NOTE | |||
r-devel-linux-x86_64-fedora-gcc | 0.2.0 | 325.91 | OK | |||
r-devel-windows-x86_64 | 0.2.0 | 65.00 | 108.00 | 173.00 | NOTE | |
r-patched-linux-x86_64 | 0.2.0 | 39.52 | 184.86 | 224.38 | OK | |
r-release-linux-x86_64 | 0.2.0 | 48.85 | 180.92 | 229.77 | OK | |
r-release-macos-arm64 | 0.2.0 | 90.00 | NOTE | |||
r-release-macos-x86_64 | 0.2.0 | 141.00 | NOTE | |||
r-release-windows-x86_64 | 0.2.0 | 69.00 | 106.00 | 175.00 | NOTE | |
r-oldrel-macos-arm64 | 0.2.0 | 99.00 | NOTE | |||
r-oldrel-macos-x86_64 | 0.2.0 | 137.00 | NOTE | |||
r-oldrel-windows-x86_64 | 0.2.0 | 84.00 | 132.00 | 216.00 | NOTE |
Version: 0.2.0
Check: installed package size
Result: NOTE
installed size is 29.0Mb
sub-directories of 1Mb or more:
libs 27.3Mb
Flavors: r-devel-linux-x86_64-fedora-clang, r-devel-windows-x86_64, r-release-macos-arm64, r-release-macos-x86_64, r-release-windows-x86_64, r-oldrel-macos-arm64, r-oldrel-macos-x86_64, r-oldrel-windows-x86_64