Last updated on 2024-07-13 05:49:27 CEST.
Flavor | Version | Tinstall | Tcheck | Ttotal | Status | Flags |
---|---|---|---|---|---|---|
r-devel-linux-x86_64-debian-clang | 0.2.0 | 42.48 | 182.81 | 225.29 | OK | |
r-devel-linux-x86_64-debian-gcc | 0.2.0 | 36.62 | 138.36 | 174.98 | OK | |
r-devel-linux-x86_64-fedora-clang | 0.2.0 | 287.13 | NOTE | |||
r-devel-linux-x86_64-fedora-gcc | 0.2.0 | 308.31 | OK | |||
r-devel-windows-x86_64 | 0.2.0 | 69.00 | 112.00 | 181.00 | NOTE | |
r-patched-linux-x86_64 | 0.2.0 | 32.49 | 181.61 | 214.10 | OK | |
r-release-linux-x86_64 | 0.2.0 | 40.93 | 179.97 | 220.90 | OK | |
r-release-macos-arm64 | 0.2.0 | 90.00 | NOTE | |||
r-release-macos-x86_64 | 0.2.0 | 141.00 | NOTE | |||
r-release-windows-x86_64 | 0.2.0 | 66.00 | 110.00 | 176.00 | NOTE | |
r-oldrel-macos-arm64 | 0.2.0 | 99.00 | NOTE | |||
r-oldrel-macos-x86_64 | 0.2.0 | 137.00 | NOTE | |||
r-oldrel-windows-x86_64 | 0.2.0 | 83.00 | 129.00 | 212.00 | NOTE |
Version: 0.2.0
Check: installed package size
Result: NOTE
installed size is 29.0Mb
sub-directories of 1Mb or more:
libs 27.3Mb
Flavors: r-devel-linux-x86_64-fedora-clang, r-devel-windows-x86_64, r-release-macos-arm64, r-release-macos-x86_64, r-release-windows-x86_64, r-oldrel-macos-arm64, r-oldrel-macos-x86_64, r-oldrel-windows-x86_64