Last updated on 2024-07-13 05:49:27 CEST.
Flavor | Version | Tinstall | Tcheck | Ttotal | Status | Flags |
---|---|---|---|---|---|---|
r-devel-linux-x86_64-debian-clang | 0.2.10 | 6.07 | 237.60 | 243.67 | OK | |
r-devel-linux-x86_64-debian-gcc | 0.2.10 | 4.59 | 170.30 | 174.89 | OK | |
r-devel-linux-x86_64-fedora-clang | 0.2.10 | 305.83 | OK | |||
r-devel-linux-x86_64-fedora-gcc | 0.2.10 | 293.55 | OK | |||
r-devel-windows-x86_64 | 0.2.10 | 7.00 | 177.00 | 184.00 | NOTE | |
r-patched-linux-x86_64 | 0.2.10 | 11.47 | 224.26 | 235.73 | OK | |
r-release-linux-x86_64 | 0.2.10 | 5.55 | 228.61 | 234.16 | OK | |
r-release-macos-arm64 | 0.2.10 | 83.00 | OK | |||
r-release-macos-x86_64 | 0.2.10 | 143.00 | OK | |||
r-release-windows-x86_64 | 0.2.10 | 6.00 | 171.00 | 177.00 | OK | |
r-oldrel-macos-arm64 | 0.2.10 | 96.00 | OK | |||
r-oldrel-macos-x86_64 | 0.2.10 | 202.00 | OK | |||
r-oldrel-windows-x86_64 | 0.2.10 | 8.00 | 223.00 | 231.00 | OK |
Version: 0.2.10
Check: Rd cross-references
Result: NOTE
Found the following Rd file(s) with Rd \link{} targets missing package
anchors:
plotmod.Rd: ggplot2
Please provide package anchors for all Rd \link{} targets not in the
package itself and the base packages.
Flavor: r-devel-windows-x86_64