Last updated on 2024-06-21 09:55:55 CEST.
Flavor | Version | Tinstall | Tcheck | Ttotal | Status | Flags |
---|---|---|---|---|---|---|
r-devel-linux-x86_64-debian-clang | 1.0.2 | 98.20 | 230.15 | 328.35 | OK | |
r-devel-linux-x86_64-debian-gcc | 1.0.2 | 66.50 | 191.92 | 258.42 | OK | |
r-devel-linux-x86_64-fedora-clang | 1.0.2 | 441.72 | OK | |||
r-devel-linux-x86_64-fedora-gcc | 1.0.2 | 477.92 | OK | |||
r-devel-windows-x86_64 | 1.0.2 | 81.00 | 253.00 | 334.00 | OK | |
r-patched-linux-x86_64 | 1.0.2 | 93.91 | 250.30 | 344.21 | OK | |
r-release-linux-x86_64 | 1.0.2 | 64.40 | 246.63 | 311.03 | OK | |
r-release-macos-arm64 | 1.0.2 | 166.00 | NOTE | |||
r-release-macos-x86_64 | 1.0.2 | 207.00 | NOTE | |||
r-release-windows-x86_64 | 1.0.2 | 79.00 | 225.00 | 304.00 | OK | |
r-oldrel-macos-arm64 | 1.0.2 | 164.00 | NOTE | |||
r-oldrel-macos-x86_64 | 1.0.2 | 248.00 | NOTE | |||
r-oldrel-windows-x86_64 | 1.0.2 | 92.00 | 286.00 | 378.00 | OK |
Version: 1.0.2
Check: installed package size
Result: NOTE
installed size is 7.4Mb
sub-directories of 1Mb or more:
libs 6.4Mb
Flavors: r-release-macos-arm64, r-release-macos-x86_64, r-oldrel-macos-arm64, r-oldrel-macos-x86_64