Last updated on 2024-06-27 16:49:16 CEST.
Flavor | Version | Tinstall | Tcheck | Ttotal | Status | Flags |
---|---|---|---|---|---|---|
r-devel-linux-x86_64-debian-clang | 1.0.6.1 | NOTE | ||||
r-devel-linux-x86_64-debian-gcc | 1.0.6.1 | 11.85 | 388.38 | 400.23 | NOTE | |
r-devel-linux-x86_64-fedora-clang | 1.0.6.1 | 645.84 | NOTE | |||
r-devel-linux-x86_64-fedora-gcc | 1.0.6.1 | 426.10 | NOTE | |||
r-devel-windows-x86_64 | 1.0.6.1 | 15.00 | 370.00 | 385.00 | NOTE | |
r-patched-linux-x86_64 | 1.0.6.1 | 16.95 | 502.25 | 519.20 | NOTE | |
r-release-linux-x86_64 | 1.0.6.1 | 15.20 | 494.35 | 509.55 | NOTE | |
r-release-macos-arm64 | 1.0.6.1 | 214.00 | NOTE | |||
r-release-macos-x86_64 | 1.0.6.1 | 286.00 | NOTE | |||
r-release-windows-x86_64 | 1.0.6.1 | 18.00 | 384.00 | 402.00 | NOTE | |
r-oldrel-macos-arm64 | 1.0.6.1 | 109.00 | NOTE | |||
r-oldrel-macos-x86_64 | 1.0.6.1 | 275.00 | NOTE | |||
r-oldrel-windows-x86_64 | 1.0.6.1 | 22.00 | 478.00 | 500.00 | NOTE |
Version: 1.0.6.1
Check: package dependencies
Result: NOTE
Package suggested but not available for checking: ‘asreml’
Flavors: r-devel-linux-x86_64-debian-clang, r-devel-linux-x86_64-debian-gcc, r-devel-linux-x86_64-fedora-clang, r-devel-linux-x86_64-fedora-gcc, r-devel-windows-x86_64, r-patched-linux-x86_64, r-release-linux-x86_64, r-release-macos-arm64, r-release-macos-x86_64, r-release-windows-x86_64, r-oldrel-macos-arm64, r-oldrel-macos-x86_64, r-oldrel-windows-x86_64
Version: 1.0.6.1
Check: installed package size
Result: NOTE
installed size is 5.0Mb
sub-directories of 1Mb or more:
data 3.5Mb
Flavors: r-devel-linux-x86_64-fedora-clang, r-release-macos-arm64, r-release-macos-x86_64, r-oldrel-macos-arm64, r-oldrel-macos-x86_64