Last updated on 2024-07-13 11:49:28 CEST.
Flavor | Version | Tinstall | Tcheck | Ttotal | Status | Flags |
---|---|---|---|---|---|---|
r-devel-linux-x86_64-debian-clang | 0.9.2 | 1.78 | 23.39 | 25.17 | OK | |
r-devel-linux-x86_64-debian-gcc | 0.9.2 | 1.75 | 18.42 | 20.17 | OK | |
r-devel-linux-x86_64-fedora-clang | 0.9.2 | 33.49 | NOTE | |||
r-devel-linux-x86_64-fedora-gcc | 0.9.2 | 31.44 | NOTE | |||
r-devel-windows-x86_64 | 0.9.2 | 3.00 | 44.00 | 47.00 | OK | |
r-patched-linux-x86_64 | 0.9.2 | 2.78 | 22.18 | 24.96 | OK | |
r-release-linux-x86_64 | 0.9.2 | 2.04 | 22.77 | 24.81 | OK | |
r-release-macos-arm64 | 0.9.2 | 15.00 | OK | |||
r-release-macos-x86_64 | 0.9.2 | 21.00 | OK | |||
r-release-windows-x86_64 | 0.9.2 | 3.00 | 44.00 | 47.00 | OK | |
r-oldrel-macos-arm64 | 0.9.2 | 18.00 | OK | |||
r-oldrel-macos-x86_64 | 0.9.2 | 22.00 | OK | |||
r-oldrel-windows-x86_64 | 0.9.2 | 3.00 | 44.00 | 47.00 | OK |
Version: 0.9.2
Check: data for non-ASCII characters
Result: NOTE
Note: found 1 marked Latin-1 string
Note: found 18 marked UTF-8 strings
Flavors: r-devel-linux-x86_64-fedora-clang, r-devel-linux-x86_64-fedora-gcc