Last updated on 2024-07-13 11:49:28 CEST.
Flavor | Version | Tinstall | Tcheck | Ttotal | Status | Flags |
---|---|---|---|---|---|---|
r-devel-linux-x86_64-debian-clang | 1.1 | 84.91 | 50.50 | 135.41 | OK | |
r-devel-linux-x86_64-debian-gcc | 1.1 | 70.94 | 45.12 | 116.06 | OK | |
r-devel-linux-x86_64-fedora-clang | 1.1 | 178.62 | NOTE | |||
r-devel-linux-x86_64-fedora-gcc | 1.1 | 210.61 | NOTE | |||
r-devel-windows-x86_64 | 1.1 | 67.00 | 76.00 | 143.00 | OK | |
r-patched-linux-x86_64 | 1.1 | 82.86 | 55.12 | 137.98 | OK | |
r-release-linux-x86_64 | 1.1 | 62.85 | 57.14 | 119.99 | OK | |
r-release-macos-arm64 | 1.1 | 50.00 | NOTE | |||
r-release-macos-x86_64 | 1.1 | 84.00 | NOTE | |||
r-release-windows-x86_64 | 1.1 | 65.00 | 79.00 | 144.00 | OK | |
r-oldrel-macos-arm64 | 1.1 | 54.00 | NOTE | |||
r-oldrel-macos-x86_64 | 1.1 | 87.00 | NOTE | |||
r-oldrel-windows-x86_64 | 1.1 | 86.00 | 93.00 | 179.00 | OK |
Version: 1.1
Check: dependencies in R code
Result: NOTE
Namespaces in Imports field not imported from:
‘reshape2’ ‘stats’
All declared Imports should be used.
Flavors: r-devel-linux-x86_64-fedora-clang, r-devel-linux-x86_64-fedora-gcc
Version: 1.1
Check: installed package size
Result: NOTE
installed size is 35.6Mb
sub-directories of 1Mb or more:
libs 35.1Mb
Flavors: r-release-macos-arm64, r-release-macos-x86_64, r-oldrel-macos-arm64, r-oldrel-macos-x86_64