Last updated on 2024-07-13 11:49:28 CEST.
Flavor | Version | Tinstall | Tcheck | Ttotal | Status | Flags |
---|---|---|---|---|---|---|
r-devel-linux-x86_64-debian-clang | 1.0.6 | 18.93 | 408.09 | 427.02 | OK | |
r-devel-linux-x86_64-debian-gcc | 1.0.6 | 17.12 | 300.88 | 318.00 | OK | |
r-devel-linux-x86_64-fedora-clang | 1.0.6 | 477.07 | NOTE | |||
r-devel-linux-x86_64-fedora-gcc | 1.0.6 | 513.98 | NOTE | |||
r-devel-windows-x86_64 | 1.0.6 | 18.00 | 288.00 | 306.00 | OK | |
r-patched-linux-x86_64 | 1.0.6 | 13.81 | 402.71 | 416.52 | OK | |
r-release-linux-x86_64 | 1.0.6 | 13.72 | 400.32 | 414.04 | OK | |
r-release-macos-arm64 | 1.0.6 | 121.00 | OK | |||
r-release-macos-x86_64 | 1.0.6 | 207.00 | OK | |||
r-release-windows-x86_64 | 1.0.6 | 19.00 | 282.00 | 301.00 | OK | |
r-oldrel-macos-arm64 | 1.0.6 | 171.00 | OK | |||
r-oldrel-macos-x86_64 | 1.0.6 | 235.00 | OK | |||
r-oldrel-windows-x86_64 | 1.0.6 | 26.00 | 378.00 | 404.00 | OK |
Version: 1.0.6
Check: dependencies in R code
Result: NOTE
Namespace in Imports field not imported from: ‘knitr’
All declared Imports should be used.
Flavors: r-devel-linux-x86_64-fedora-clang, r-devel-linux-x86_64-fedora-gcc