Last updated on 2024-07-13 05:49:27 CEST.
Flavor | Version | Tinstall | Tcheck | Ttotal | Status | Flags |
---|---|---|---|---|---|---|
r-devel-linux-x86_64-debian-clang | 0.1.1 | 13.62 | 132.61 | 146.23 | NOTE | |
r-devel-linux-x86_64-debian-gcc | 0.1.1 | 10.78 | 97.18 | 107.96 | NOTE | |
r-devel-linux-x86_64-fedora-clang | 0.1.1 | 192.58 | NOTE | |||
r-devel-linux-x86_64-fedora-gcc | 0.1.1 | 172.53 | NOTE | |||
r-devel-windows-x86_64 | 0.1.1 | 14.00 | 108.00 | 122.00 | NOTE | |
r-patched-linux-x86_64 | 0.1.1 | 12.78 | 122.69 | 135.47 | NOTE | |
r-release-linux-x86_64 | 0.1.1 | 15.57 | 124.07 | 139.64 | NOTE | |
r-release-macos-arm64 | 0.1.1 | 49.00 | NOTE | |||
r-release-macos-x86_64 | 0.1.1 | 71.00 | NOTE | |||
r-release-windows-x86_64 | 0.1.1 | 13.00 | 106.00 | 119.00 | NOTE | |
r-oldrel-macos-arm64 | 0.1.1 | 55.00 | OK | |||
r-oldrel-macos-x86_64 | 0.1.1 | 87.00 | OK | |||
r-oldrel-windows-x86_64 | 0.1.1 | 18.00 | 131.00 | 149.00 | OK |
Version: 0.1.1
Check: Rd files
Result: NOTE
checkRd: (-1) ssaBSS-package.Rd:22: Lost braces in \itemize; meant \describe ?
checkRd: (-1) ssaBSS-package.Rd:23: Lost braces in \itemize; meant \describe ?
checkRd: (-1) ssaBSS-package.Rd:24: Lost braces in \itemize; meant \describe ?
checkRd: (-1) ssaBSS-package.Rd:25: Lost braces in \itemize; meant \describe ?
checkRd: (-1) ssaBSS-package.Rd:26: Lost braces in \itemize; meant \describe ?
Flavors: r-devel-linux-x86_64-debian-clang, r-devel-linux-x86_64-debian-gcc, r-devel-linux-x86_64-fedora-clang, r-devel-linux-x86_64-fedora-gcc, r-devel-windows-x86_64, r-patched-linux-x86_64, r-release-linux-x86_64, r-release-macos-arm64, r-release-macos-x86_64, r-release-windows-x86_64