Last updated on 2024-07-13 11:49:28 CEST.
Flavor | Version | Tinstall | Tcheck | Ttotal | Status | Flags |
---|---|---|---|---|---|---|
r-devel-linux-x86_64-debian-clang | 0.1.2 | 4.83 | 49.13 | 53.96 | NOTE | |
r-devel-linux-x86_64-debian-gcc | 0.1.2 | 4.15 | 37.28 | 41.43 | NOTE | |
r-devel-linux-x86_64-fedora-clang | 0.1.2 | 69.80 | NOTE | |||
r-devel-linux-x86_64-fedora-gcc | 0.1.2 | 71.99 | NOTE | |||
r-devel-windows-x86_64 | 0.1.2 | 6.00 | 58.00 | 64.00 | NOTE | |
r-patched-linux-x86_64 | 0.1.2 | 5.95 | 46.17 | 52.12 | NOTE | |
r-release-linux-x86_64 | 0.1.2 | 4.35 | 46.86 | 51.21 | NOTE | |
r-release-macos-arm64 | 0.1.2 | 23.00 | NOTE | |||
r-release-macos-x86_64 | 0.1.2 | 45.00 | NOTE | |||
r-release-windows-x86_64 | 0.1.2 | 6.00 | 57.00 | 63.00 | NOTE | |
r-oldrel-macos-arm64 | 0.1.2 | 26.00 | NOTE | |||
r-oldrel-macos-x86_64 | 0.1.2 | 36.00 | NOTE | |||
r-oldrel-windows-x86_64 | 0.1.2 | 8.00 | 63.00 | 71.00 | NOTE |
Version: 0.1.2
Check: LazyData
Result: NOTE
'LazyData' is specified without a 'data' directory
Flavors: r-devel-linux-x86_64-debian-clang, r-devel-linux-x86_64-debian-gcc, r-devel-linux-x86_64-fedora-clang, r-devel-linux-x86_64-fedora-gcc, r-devel-windows-x86_64, r-patched-linux-x86_64, r-release-linux-x86_64, r-release-macos-arm64, r-release-macos-x86_64, r-release-windows-x86_64, r-oldrel-macos-arm64, r-oldrel-macos-x86_64, r-oldrel-windows-x86_64