Last updated on 2024-06-21 15:53:03 CEST.
Flavor | Version | Tinstall | Tcheck | Ttotal | Status | Flags |
---|---|---|---|---|---|---|
r-devel-linux-x86_64-debian-clang | 0.1.5 | 9.50 | 56.74 | 66.24 | NOTE | |
r-devel-linux-x86_64-debian-gcc | 0.1.5 | 5.74 | 43.76 | 49.50 | NOTE | |
r-devel-linux-x86_64-fedora-clang | 0.1.5 | 83.40 | NOTE | |||
r-devel-linux-x86_64-fedora-gcc | 0.1.5 | 75.77 | NOTE | |||
r-devel-windows-x86_64 | 0.1.5 | 9.00 | 59.00 | 68.00 | NOTE | |
r-patched-linux-x86_64 | 0.1.5 | 8.52 | 54.57 | 63.09 | NOTE | |
r-release-linux-x86_64 | 0.1.5 | 5.25 | 56.03 | 61.28 | NOTE | |
r-release-macos-arm64 | 0.1.5 | 28.00 | NOTE | |||
r-release-macos-x86_64 | 0.1.5 | 39.00 | NOTE | |||
r-release-windows-x86_64 | 0.1.5 | 9.00 | 61.00 | 70.00 | NOTE | |
r-oldrel-macos-arm64 | 0.1.5 | 27.00 | OK | |||
r-oldrel-macos-x86_64 | 0.1.5 | 39.00 | OK | |||
r-oldrel-windows-x86_64 | 0.1.5 | 11.00 | 67.00 | 78.00 | OK |
Version: 0.1.5
Check: Rd files
Result: NOTE
checkRd: (-1) speech_recompiler.Rd:25: Lost braces; missing escapes or markup?
25 | The default compilation is that of \ code {speech_build (., compiler = TRUE}).
| ^
Flavors: r-devel-linux-x86_64-debian-clang, r-devel-linux-x86_64-debian-gcc, r-devel-linux-x86_64-fedora-clang, r-devel-linux-x86_64-fedora-gcc, r-devel-windows-x86_64, r-patched-linux-x86_64, r-release-linux-x86_64, r-release-macos-arm64, r-release-macos-x86_64, r-release-windows-x86_64