Last updated on 2024-06-27 16:49:16 CEST.
Flavor | Version | Tinstall | Tcheck | Ttotal | Status | Flags |
---|---|---|---|---|---|---|
r-devel-linux-x86_64-debian-clang | 0.0.1.7 | NOTE | ||||
r-devel-linux-x86_64-debian-gcc | 0.0.1.7 | 38.75 | 27.72 | 66.47 | NOTE | |
r-devel-linux-x86_64-fedora-clang | 0.0.1.7 | 147.75 | NOTE | |||
r-devel-linux-x86_64-fedora-gcc | 0.0.1.7 | 148.77 | NOTE | |||
r-devel-windows-x86_64 | 0.0.1.7 | 47.00 | 69.00 | 116.00 | NOTE | |
r-patched-linux-x86_64 | 0.0.1.7 | 47.81 | 34.60 | 82.41 | NOTE | |
r-release-linux-x86_64 | 0.0.1.7 | 50.32 | 35.61 | 85.93 | NOTE | |
r-release-macos-arm64 | 0.0.1.7 | 37.00 | NOTE | |||
r-release-macos-x86_64 | 0.0.1.7 | 47.00 | NOTE | |||
r-release-windows-x86_64 | 0.0.1.7 | 47.00 | 70.00 | 117.00 | NOTE | |
r-oldrel-macos-arm64 | 0.0.1.7 | 40.00 | NOTE | |||
r-oldrel-macos-x86_64 | 0.0.1.7 | 68.00 | NOTE | |||
r-oldrel-windows-x86_64 | 0.0.1.7 | 48.00 | 82.00 | 130.00 | NOTE |
Version: 0.0.1.7
Check: package subdirectories
Result: NOTE
Problems with news in ‘NEWS.md’:
Cannot extract version info from the following section titles:
Roadmap of specklestar package
Flavors: r-devel-linux-x86_64-debian-clang, r-devel-linux-x86_64-debian-gcc, r-devel-linux-x86_64-fedora-clang, r-devel-linux-x86_64-fedora-gcc, r-devel-windows-x86_64, r-patched-linux-x86_64, r-release-linux-x86_64, r-release-macos-arm64, r-release-macos-x86_64, r-release-windows-x86_64, r-oldrel-macos-arm64, r-oldrel-macos-x86_64, r-oldrel-windows-x86_64
Version: 0.0.1.7
Check: LazyData
Result: NOTE
'LazyData' is specified without a 'data' directory
Flavors: r-devel-linux-x86_64-debian-clang, r-devel-linux-x86_64-debian-gcc, r-devel-linux-x86_64-fedora-clang, r-devel-linux-x86_64-fedora-gcc, r-devel-windows-x86_64, r-patched-linux-x86_64, r-release-linux-x86_64, r-release-macos-arm64, r-release-macos-x86_64, r-release-windows-x86_64, r-oldrel-macos-arm64, r-oldrel-macos-x86_64, r-oldrel-windows-x86_64