Last updated on 2024-06-27 16:49:16 CEST.
Flavor | Version | Tinstall | Tcheck | Ttotal | Status | Flags |
---|---|---|---|---|---|---|
r-devel-linux-x86_64-debian-clang | 5.0-1 | NOTE | ||||
r-devel-linux-x86_64-debian-gcc | 5.0-1 | 11.46 | 126.35 | 137.81 | NOTE | |
r-devel-linux-x86_64-fedora-clang | 5.0-1 | 231.19 | NOTE | |||
r-devel-linux-x86_64-fedora-gcc | 5.0-1 | 232.99 | NOTE | |||
r-devel-windows-x86_64 | 5.0-1 | 14.00 | 151.00 | 165.00 | NOTE | |
r-patched-linux-x86_64 | 5.0-1 | 9.69 | 169.77 | 179.46 | NOTE | |
r-release-linux-x86_64 | 5.0-1 | 9.04 | 168.35 | 177.39 | NOTE | |
r-release-macos-arm64 | 5.0-1 | 59.00 | NOTE | |||
r-release-macos-x86_64 | 5.0-1 | 105.00 | NOTE | |||
r-release-windows-x86_64 | 5.0-1 | 12.00 | 151.00 | 163.00 | NOTE | |
r-oldrel-macos-arm64 | 5.0-1 | 71.00 | NOTE | |||
r-oldrel-macos-x86_64 | 5.0-1 | 116.00 | NOTE | |||
r-oldrel-windows-x86_64 | 5.0-1 | 17.00 | 185.00 | 202.00 | NOTE |
Version: 5.0-1
Check: package dependencies
Result: NOTE
Depends: includes the non-default packages:
'spatstat.data', 'spatstat.sparse', 'spatstat.geom',
'spatstat.random', 'spatstat.explore', 'spatstat.model', 'spatstat'
Adding so many packages to the search path is excessive and importing
selectively is preferable.
Flavors: r-devel-linux-x86_64-debian-clang, r-devel-linux-x86_64-debian-gcc, r-devel-linux-x86_64-fedora-clang, r-devel-linux-x86_64-fedora-gcc, r-devel-windows-x86_64, r-patched-linux-x86_64, r-release-linux-x86_64, r-release-macos-arm64, r-release-macos-x86_64, r-release-windows-x86_64, r-oldrel-macos-arm64, r-oldrel-macos-x86_64, r-oldrel-windows-x86_64