Last updated on 2024-06-27 16:49:16 CEST.
Flavor | Version | Tinstall | Tcheck | Ttotal | Status | Flags |
---|---|---|---|---|---|---|
r-devel-linux-x86_64-debian-clang | 3.2-9 | OK | ||||
r-devel-linux-x86_64-debian-gcc | 3.2-9 | 53.25 | 302.98 | 356.23 | OK | |
r-devel-linux-x86_64-fedora-clang | 3.2-9 | 598.93 | OK | |||
r-devel-linux-x86_64-fedora-gcc | 3.2-9 | 594.19 | OK | |||
r-devel-windows-x86_64 | 3.2-9 | 75.00 | 429.00 | 504.00 | OK | |
r-patched-linux-x86_64 | 3.2-9 | 86.90 | 406.91 | 493.81 | OK | |
r-release-linux-x86_64 | 3.2-9 | 70.31 | 408.18 | 478.49 | OK | |
r-release-macos-arm64 | 3.2-9 | 134.00 | NOTE | |||
r-release-macos-x86_64 | 3.2-9 | 258.00 | NOTE | |||
r-release-windows-x86_64 | 3.2-9 | 80.00 | 444.00 | 524.00 | OK | |
r-oldrel-macos-arm64 | 3.2-9 | 146.00 | OK | |||
r-oldrel-macos-x86_64 | 3.2-9 | 370.00 | NOTE | |||
r-oldrel-windows-x86_64 | 3.2-9 | 91.00 | 550.00 | 641.00 | OK |
Version: 3.2-9
Check: installed package size
Result: NOTE
installed size is 5.2Mb
sub-directories of 1Mb or more:
R 2.1Mb
help 1.9Mb
Flavors: r-release-macos-arm64, r-release-macos-x86_64, r-oldrel-macos-x86_64