Last updated on 2024-06-27 16:49:16 CEST.
Flavor | Version | Tinstall | Tcheck | Ttotal | Status | Flags |
---|---|---|---|---|---|---|
r-devel-linux-x86_64-debian-clang | 3.2-7 | OK | ||||
r-devel-linux-x86_64-debian-gcc | 3.2-7 | 47.04 | 325.28 | 372.32 | OK | |
r-devel-linux-x86_64-fedora-clang | 3.2-7 | 641.71 | OK | |||
r-devel-linux-x86_64-fedora-gcc | 3.2-7 | 401.88 | OK | |||
r-devel-windows-x86_64 | 3.2-7 | 57.00 | 403.00 | 460.00 | OK | |
r-patched-linux-x86_64 | 3.2-7 | 73.33 | 442.14 | 515.47 | OK | |
r-release-linux-x86_64 | 3.2-7 | 59.49 | 438.35 | 497.84 | OK | |
r-release-macos-arm64 | 3.2-7 | 145.00 | OK | |||
r-release-macos-x86_64 | 3.2-7 | 267.00 | OK | |||
r-release-windows-x86_64 | 3.2-7 | 64.00 | 415.00 | 479.00 | OK | |
r-oldrel-macos-arm64 | 3.2-7 | 156.00 | OK | |||
r-oldrel-macos-x86_64 | 3.2-7 | 384.00 | NOTE | |||
r-oldrel-windows-x86_64 | 3.2-7 | 74.00 | 506.00 | 580.00 | OK |
Version: 3.2-7
Check: installed package size
Result: NOTE
installed size is 5.0Mb
sub-directories of 1Mb or more:
R 2.1Mb
help 2.1Mb
Flavor: r-oldrel-macos-x86_64