Last updated on 2024-06-27 16:49:16 CEST.
Flavor | Version | Tinstall | Tcheck | Ttotal | Status | Flags |
---|---|---|---|---|---|---|
r-devel-linux-x86_64-debian-clang | 0.1.2 | NOTE | ||||
r-devel-linux-x86_64-debian-gcc | 0.1.2 | 2.56 | 106.36 | 108.92 | NOTE | |
r-devel-linux-x86_64-fedora-clang | 0.1.2 | 176.14 | NOTE | |||
r-devel-linux-x86_64-fedora-gcc | 0.1.2 | 189.63 | NOTE | |||
r-devel-windows-x86_64 | 0.1.2 | 4.00 | 122.00 | 126.00 | NOTE | |
r-patched-linux-x86_64 | 0.1.2 | 3.30 | 142.52 | 145.82 | NOTE | |
r-release-linux-x86_64 | 0.1.2 | 3.78 | 144.98 | 148.76 | NOTE | |
r-release-macos-arm64 | 0.1.2 | 71.00 | NOTE | |||
r-release-macos-x86_64 | 0.1.2 | 101.00 | NOTE | |||
r-release-windows-x86_64 | 0.1.2 | 4.00 | 121.00 | 125.00 | NOTE | |
r-oldrel-macos-arm64 | 0.1.2 | 72.00 | NOTE | |||
r-oldrel-macos-x86_64 | 0.1.2 | 104.00 | NOTE | |||
r-oldrel-windows-x86_64 | 0.1.2 | 6.00 | 150.00 | 156.00 | NOTE |
Version: 0.1.2
Check: LazyData
Result: NOTE
'LazyData' is specified without a 'data' directory
Flavors: r-devel-linux-x86_64-debian-clang, r-devel-linux-x86_64-debian-gcc, r-devel-linux-x86_64-fedora-clang, r-devel-linux-x86_64-fedora-gcc, r-devel-windows-x86_64, r-patched-linux-x86_64, r-release-linux-x86_64, r-release-macos-arm64, r-release-macos-x86_64, r-release-windows-x86_64, r-oldrel-macos-arm64, r-oldrel-macos-x86_64, r-oldrel-windows-x86_64
Version: 0.1.2
Check: dependencies in R code
Result: NOTE
Namespaces in Imports field not imported from:
‘irlba’ ‘knitr’ ‘rmarkdown’
All declared Imports should be used.
Flavors: r-devel-linux-x86_64-fedora-clang, r-devel-linux-x86_64-fedora-gcc