Last updated on 2024-06-21 15:53:03 CEST.
Flavor | Version | Tinstall | Tcheck | Ttotal | Status | Flags |
---|---|---|---|---|---|---|
r-devel-linux-x86_64-debian-clang | 0.1.2 | 5.42 | 65.68 | 71.10 | NOTE | |
r-devel-linux-x86_64-debian-gcc | 0.1.2 | 5.02 | 48.70 | 53.72 | NOTE | |
r-devel-linux-x86_64-fedora-clang | 0.1.2 | 91.25 | NOTE | |||
r-devel-linux-x86_64-fedora-gcc | 0.1.2 | 84.13 | NOTE | |||
r-devel-windows-x86_64 | 0.1.2 | 6.00 | 62.00 | 68.00 | NOTE | |
r-patched-linux-x86_64 | 0.1.2 | 8.33 | 62.89 | 71.22 | NOTE | |
r-release-linux-x86_64 | 0.1.2 | 5.85 | 61.13 | 66.98 | NOTE | |
r-release-macos-arm64 | 0.1.2 | 32.00 | NOTE | |||
r-release-macos-x86_64 | 0.1.2 | 41.00 | NOTE | |||
r-release-windows-x86_64 | 0.1.2 | 7.00 | 64.00 | 71.00 | NOTE | |
r-oldrel-macos-arm64 | 0.1.2 | 33.00 | NOTE | |||
r-oldrel-macos-x86_64 | 0.1.2 | 48.00 | NOTE | |||
r-oldrel-windows-x86_64 | 0.1.2 | 8.00 | 73.00 | 81.00 | NOTE |
Version: 0.1.2
Check: LazyData
Result: NOTE
'LazyData' is specified without a 'data' directory
Flavors: r-devel-linux-x86_64-debian-clang, r-devel-linux-x86_64-debian-gcc, r-devel-linux-x86_64-fedora-clang, r-devel-linux-x86_64-fedora-gcc, r-devel-windows-x86_64, r-patched-linux-x86_64, r-release-linux-x86_64, r-release-macos-arm64, r-release-macos-x86_64, r-release-windows-x86_64, r-oldrel-macos-arm64, r-oldrel-macos-x86_64, r-oldrel-windows-x86_64