Last updated on 2024-06-27 16:49:16 CEST.
Flavor | Version | Tinstall | Tcheck | Ttotal | Status | Flags |
---|---|---|---|---|---|---|
r-devel-linux-x86_64-debian-clang | 0.2.0.1 | OK | ||||
r-devel-linux-x86_64-debian-gcc | 0.2.0.1 | 60.07 | 41.66 | 101.73 | OK | |
r-devel-linux-x86_64-fedora-clang | 0.2.0.1 | 187.41 | NOTE | |||
r-devel-linux-x86_64-fedora-gcc | 0.2.0.1 | 199.97 | NOTE | |||
r-devel-windows-x86_64 | 0.2.0.1 | 63.00 | 84.00 | 147.00 | OK | |
r-patched-linux-x86_64 | 0.2.0.1 | 70.58 | 53.35 | 123.93 | OK | |
r-release-linux-x86_64 | 0.2.0.1 | 56.30 | 51.79 | 108.09 | OK | |
r-release-macos-arm64 | 0.2.0.1 | 46.00 | NOTE | |||
r-release-macos-x86_64 | 0.2.0.1 | 60.00 | NOTE | |||
r-release-windows-x86_64 | 0.2.0.1 | 65.00 | 86.00 | 151.00 | OK | |
r-oldrel-macos-arm64 | 0.2.0.1 | 68.00 | NOTE | |||
r-oldrel-macos-x86_64 | 0.2.0.1 | 110.00 | NOTE | |||
r-oldrel-windows-x86_64 | 0.2.0.1 | 77.00 | 98.00 | 175.00 | OK |
Version: 0.2.0.1
Check: compiled code
Result: NOTE
File ‘sparseLTSEigen/libs/sparseLTSEigen.so’:
Found no calls to: ‘R_registerRoutines’, ‘R_useDynamicSymbols’
It is good practice to register native routines and to disable symbol
search.
See ‘Writing portable packages’ in the ‘Writing R Extensions’ manual.
Flavors: r-devel-linux-x86_64-fedora-clang, r-devel-linux-x86_64-fedora-gcc
Version: 0.2.0.1
Check: installed package size
Result: NOTE
installed size is 13.7Mb
sub-directories of 1Mb or more:
libs 13.6Mb
Flavors: r-release-macos-arm64, r-release-macos-x86_64, r-oldrel-macos-arm64, r-oldrel-macos-x86_64