Last updated on 2024-06-27 16:49:16 CEST.
Flavor | Version | Tinstall | Tcheck | Ttotal | Status | Flags |
---|---|---|---|---|---|---|
r-devel-linux-x86_64-debian-clang | 2.14.0 | NOTE | ||||
r-devel-linux-x86_64-debian-gcc | 2.14.0 | 3.23 | 31.64 | 34.87 | NOTE | |
r-devel-linux-x86_64-fedora-clang | 2.14.0 | 58.01 | NOTE | |||
r-devel-linux-x86_64-fedora-gcc | 2.14.0 | 54.63 | NOTE | |||
r-devel-windows-x86_64 | 2.14.0 | 6.00 | 69.00 | 75.00 | NOTE | |
r-patched-linux-x86_64 | 2.14.0 | 6.45 | 40.02 | 46.47 | NOTE | |
r-release-linux-x86_64 | 2.14.0 | 3.75 | 39.59 | 43.34 | NOTE | |
r-release-macos-arm64 | 2.14.0 | 20.00 | NOTE | |||
r-release-macos-x86_64 | 2.14.0 | 30.00 | NOTE | |||
r-release-windows-x86_64 | 2.14.0 | 6.00 | 72.00 | 78.00 | NOTE | |
r-oldrel-macos-arm64 | 2.14.0 | 22.00 | NOTE | |||
r-oldrel-macos-x86_64 | 2.14.0 | 30.00 | NOTE | |||
r-oldrel-windows-x86_64 | 2.14.0 | 7.00 | 76.00 | 83.00 | NOTE |
Version: 2.14.0
Check: dependencies in R code
Result: NOTE
There are ::: calls to the package's namespace in its code. A package
almost never needs to use ::: for its own objects:
‘.solveEnv’
Flavors: r-devel-linux-x86_64-debian-clang, r-devel-linux-x86_64-debian-gcc, r-devel-linux-x86_64-fedora-clang, r-devel-linux-x86_64-fedora-gcc, r-devel-windows-x86_64, r-patched-linux-x86_64, r-release-linux-x86_64, r-release-macos-arm64, r-release-macos-x86_64, r-release-windows-x86_64, r-oldrel-macos-arm64, r-oldrel-macos-x86_64, r-oldrel-windows-x86_64