Last updated on 2024-06-27 16:49:16 CEST.
Flavor | Version | Tinstall | Tcheck | Ttotal | Status | Flags |
---|---|---|---|---|---|---|
r-devel-linux-x86_64-debian-clang | 1.2 | NOTE | ||||
r-devel-linux-x86_64-debian-gcc | 1.2 | 2.74 | 22.89 | 25.63 | NOTE | |
r-devel-linux-x86_64-fedora-clang | 1.2 | 42.59 | NOTE | |||
r-devel-linux-x86_64-fedora-gcc | 1.2 | 40.05 | NOTE | |||
r-devel-windows-x86_64 | 1.2 | 6.00 | 49.00 | 55.00 | NOTE | |
r-patched-linux-x86_64 | 1.2 | 4.15 | 28.31 | 32.46 | NOTE | |
r-release-linux-x86_64 | 1.2 | 4.26 | 28.47 | 32.73 | NOTE | |
r-release-macos-arm64 | 1.2 | 20.00 | NOTE | |||
r-release-macos-x86_64 | 1.2 | 28.00 | NOTE | |||
r-release-windows-x86_64 | 1.2 | 7.00 | 50.00 | 57.00 | NOTE | |
r-oldrel-macos-arm64 | 1.2 | 21.00 | OK | |||
r-oldrel-macos-x86_64 | 1.2 | 25.00 | OK | |||
r-oldrel-windows-x86_64 | 1.2 | 6.00 | 53.00 | 59.00 | OK |
Version: 1.2
Check: Rd files
Result: NOTE
checkRd: (-1) preg2.Rd:8: Lost braces
8 | An object of class \\code{tbl_df} (inherits from \\code{tbl}, \\code{data.frame}) with 2 rows and 4 columns.
| ^
checkRd: (-1) preg2.Rd:8: Lost braces
8 | An object of class \\code{tbl_df} (inherits from \\code{tbl}, \\code{data.frame}) with 2 rows and 4 columns.
| ^
checkRd: (-1) preg2.Rd:8: Lost braces
8 | An object of class \\code{tbl_df} (inherits from \\code{tbl}, \\code{data.frame}) with 2 rows and 4 columns.
| ^
Flavors: r-devel-linux-x86_64-debian-clang, r-devel-linux-x86_64-debian-gcc, r-devel-linux-x86_64-fedora-clang, r-devel-linux-x86_64-fedora-gcc, r-devel-windows-x86_64, r-patched-linux-x86_64, r-release-linux-x86_64, r-release-macos-arm64, r-release-macos-x86_64, r-release-windows-x86_64
Version: 1.2
Check: installed package size
Result: NOTE
installed size is 5.2Mb
sub-directories of 1Mb or more:
data 4.5Mb
Flavor: r-release-macos-x86_64