Last updated on 2024-06-27 16:49:16 CEST.
Flavor | Version | Tinstall | Tcheck | Ttotal | Status | Flags |
---|---|---|---|---|---|---|
r-devel-linux-x86_64-debian-clang | 0.1.2 | OK | ||||
r-devel-linux-x86_64-debian-gcc | 0.1.2 | 9.22 | 66.99 | 76.21 | OK | |
r-devel-linux-x86_64-fedora-clang | 0.1.2 | 127.16 | NOTE | |||
r-devel-linux-x86_64-fedora-gcc | 0.1.2 | 119.19 | OK | |||
r-devel-windows-x86_64 | 0.1.2 | 10.00 | 82.00 | 92.00 | OK | |
r-patched-linux-x86_64 | 0.1.2 | 10.73 | 86.31 | 97.04 | OK | |
r-release-linux-x86_64 | 0.1.2 | 10.84 | 87.33 | 98.17 | OK | |
r-release-macos-arm64 | 0.1.2 | 36.00 | OK | |||
r-release-macos-x86_64 | 0.1.2 | 57.00 | OK | |||
r-release-windows-x86_64 | 0.1.2 | 12.00 | 84.00 | 96.00 | OK | |
r-oldrel-macos-arm64 | 0.1.2 | 40.00 | OK | |||
r-oldrel-macos-x86_64 | 0.1.2 | 65.00 | OK | |||
r-oldrel-windows-x86_64 | 0.1.2 | 14.00 | 98.00 | 112.00 | OK |
Version: 0.1.2
Check: Rd cross-references
Result: NOTE
Undeclared package ‘andrews’ in Rd xrefs
Flavor: r-devel-linux-x86_64-fedora-clang