Last updated on 2024-06-27 16:49:15 CEST.
Flavor | Version | Tinstall | Tcheck | Ttotal | Status | Flags |
---|---|---|---|---|---|---|
r-devel-linux-x86_64-debian-clang | 0.2-16 | NOTE | ||||
r-devel-linux-x86_64-debian-gcc | 0.2-16 | 2.36 | 332.17 | 334.53 | NOTE | |
r-devel-linux-x86_64-fedora-clang | 0.2-16 | 577.29 | NOTE | |||
r-devel-linux-x86_64-fedora-gcc | 0.2-16 | 541.24 | NOTE | |||
r-devel-windows-x86_64 | 0.2-16 | 4.00 | 309.00 | 313.00 | NOTE | |
r-patched-linux-x86_64 | 0.2-16 | 3.79 | 463.44 | 467.23 | NOTE | |
r-release-linux-x86_64 | 0.2-16 | 4.05 | 481.68 | 485.73 | NOTE | |
r-release-macos-arm64 | 0.2-16 | 158.00 | NOTE | |||
r-release-macos-x86_64 | 0.2-16 | 228.00 | NOTE | |||
r-release-windows-x86_64 | 0.2-16 | 4.00 | 341.00 | 345.00 | NOTE | |
r-oldrel-macos-arm64 | 0.2-16 | 161.00 | NOTE | |||
r-oldrel-macos-x86_64 | 0.2-16 | 426.00 | NOTE | |||
r-oldrel-windows-x86_64 | 0.2-16 | 5.00 | 359.00 | 364.00 | NOTE |
Version: 0.2-16
Check: package dependencies
Result: NOTE
Package which this enhances but not available for checking: ‘kmndirs’
Flavors: r-devel-linux-x86_64-debian-clang, r-devel-linux-x86_64-debian-gcc, r-devel-linux-x86_64-fedora-clang, r-devel-linux-x86_64-fedora-gcc, r-devel-windows-x86_64, r-patched-linux-x86_64, r-release-linux-x86_64, r-release-macos-arm64, r-release-macos-x86_64, r-release-windows-x86_64, r-oldrel-macos-arm64, r-oldrel-macos-x86_64, r-oldrel-windows-x86_64
Version: 0.2-16
Check: dependencies in R code
Result: NOTE
Unavailable namespace imported from by a ':::' call: ‘kmndirs’
See the note in ?`:::` about the use of this operator.
Flavors: r-devel-linux-x86_64-debian-clang, r-devel-linux-x86_64-debian-gcc, r-devel-linux-x86_64-fedora-clang, r-devel-linux-x86_64-fedora-gcc, r-devel-windows-x86_64, r-patched-linux-x86_64, r-release-linux-x86_64, r-release-macos-arm64, r-release-macos-x86_64, r-release-windows-x86_64, r-oldrel-macos-arm64, r-oldrel-macos-x86_64, r-oldrel-windows-x86_64