Last updated on 2024-08-10 16:49:08 CEST.
Flavor | Version | Tinstall | Tcheck | Ttotal | Status | Flags |
---|---|---|---|---|---|---|
r-devel-linux-x86_64-debian-clang | 3.0-2 | 12.90 | 95.88 | 108.78 | NOTE | |
r-devel-linux-x86_64-debian-gcc | 3.0-2 | 9.07 | 68.09 | 77.16 | NOTE | |
r-devel-linux-x86_64-fedora-clang | 3.0-2 | 171.72 | OK | |||
r-devel-linux-x86_64-fedora-gcc | 3.0-2 | 159.77 | OK | |||
r-devel-windows-x86_64 | 3.0-2 | 14.00 | 103.00 | 117.00 | NOTE | |
r-patched-linux-x86_64 | 3.0-2 | 18.93 | 90.65 | 109.58 | OK | |
r-release-linux-x86_64 | 3.0-2 | 11.30 | 89.75 | 101.05 | OK | |
r-release-macos-arm64 | 3.0-2 | 47.00 | OK | |||
r-release-macos-x86_64 | 3.0-2 | 84.00 | OK | |||
r-release-windows-x86_64 | 3.0-2 | 15.00 | 103.00 | 118.00 | OK | |
r-oldrel-macos-arm64 | 3.0-2 | 53.00 | OK | |||
r-oldrel-macos-x86_64 | 3.0-2 | 83.00 | OK | |||
r-oldrel-windows-x86_64 | 3.0-2 | 20.00 | 130.00 | 150.00 | OK |
Version: 3.0-2
Check: Rd cross-references
Result: NOTE
Found the following Rd file(s) with Rd \link{} targets missing package
anchors:
sklars.omega.Rd: hjkb
Please provide package anchors for all Rd \link{} targets not in the
package itself and the base packages.
Flavors: r-devel-linux-x86_64-debian-clang, r-devel-linux-x86_64-debian-gcc, r-devel-windows-x86_64