Last updated on 2024-07-13 05:49:27 CEST.
Flavor | Version | Tinstall | Tcheck | Ttotal | Status | Flags |
---|---|---|---|---|---|---|
r-devel-linux-x86_64-debian-clang | 2.1.5 | 5.79 | 98.39 | 104.18 | OK | |
r-devel-linux-x86_64-debian-gcc | 2.1.5 | 5.45 | 72.18 | 77.63 | OK | |
r-devel-linux-x86_64-fedora-clang | 2.1.5 | 129.33 | OK | |||
r-devel-linux-x86_64-fedora-gcc | 2.1.5 | 149.70 | OK | |||
r-devel-windows-x86_64 | 2.1.5 | 7.00 | 96.00 | 103.00 | NOTE | |
r-patched-linux-x86_64 | 2.1.5 | 11.42 | 87.90 | 99.32 | OK | |
r-release-linux-x86_64 | 2.1.5 | 6.75 | 92.67 | 99.42 | OK | |
r-release-macos-arm64 | 2.1.5 | 53.00 | OK | |||
r-release-macos-x86_64 | 2.1.5 | 80.00 | OK | |||
r-release-windows-x86_64 | 2.1.5 | 8.00 | 94.00 | 102.00 | OK | |
r-oldrel-macos-arm64 | 2.1.5 | 54.00 | OK | |||
r-oldrel-macos-x86_64 | 2.1.5 | 84.00 | OK | |||
r-oldrel-windows-x86_64 | 2.1.5 | 9.00 | 111.00 | 120.00 | OK |
Version: 2.1.5
Check: Rd cross-references
Result: NOTE
Found the following Rd file(s) with Rd \link{} targets missing package
anchors:
knit_print.Rd: collapse
print.Rd: tbl_format_setup
Please provide package anchors for all Rd \link{} targets not in the
package itself and the base packages.
Flavor: r-devel-windows-x86_64