Last updated on 2024-07-13 11:49:27 CEST.
Flavor | Version | Tinstall | Tcheck | Ttotal | Status | Flags |
---|---|---|---|---|---|---|
r-devel-linux-x86_64-debian-clang | 0.1.3 | 5.59 | 40.95 | 46.54 | OK | |
r-devel-linux-x86_64-debian-gcc | 0.1.3 | 4.54 | 30.02 | 34.56 | OK | |
r-devel-linux-x86_64-fedora-clang | 0.1.3 | 56.89 | NOTE | |||
r-devel-linux-x86_64-fedora-gcc | 0.1.3 | 53.44 | NOTE | |||
r-devel-windows-x86_64 | 0.1.3 | 7.00 | 53.00 | 60.00 | OK | |
r-patched-linux-x86_64 | 0.1.3 | 6.29 | 38.24 | 44.53 | OK | |
r-release-linux-x86_64 | 0.1.3 | 4.34 | 38.84 | 43.18 | OK | |
r-release-macos-arm64 | 0.1.3 | 22.00 | OK | |||
r-release-macos-x86_64 | 0.1.3 | 34.00 | OK | |||
r-release-windows-x86_64 | 0.1.3 | 6.00 | 51.00 | 57.00 | OK | |
r-oldrel-macos-arm64 | 0.1.3 | 25.00 | OK | |||
r-oldrel-macos-x86_64 | 0.1.3 | 32.00 | OK | |||
r-oldrel-windows-x86_64 | 0.1.3 | 8.00 | 58.00 | 66.00 | OK |
Version: 0.1.3
Check: dependencies in R code
Result: NOTE
Namespaces in Imports field not imported from:
‘dplyr’ ‘methods’
All declared Imports should be used.
Flavors: r-devel-linux-x86_64-fedora-clang, r-devel-linux-x86_64-fedora-gcc