Last updated on 2024-07-13 05:49:26 CEST.
Flavor | Version | Tinstall | Tcheck | Ttotal | Status | Flags |
---|---|---|---|---|---|---|
r-devel-linux-x86_64-debian-clang | 1.0-12 | 4.84 | 92.12 | 96.96 | OK | |
r-devel-linux-x86_64-debian-gcc | 1.0-12 | 5.10 | 68.15 | 73.25 | OK | |
r-devel-linux-x86_64-fedora-clang | 1.0-12 | 120.09 | OK | |||
r-devel-linux-x86_64-fedora-gcc | 1.0-12 | 118.22 | OK | |||
r-devel-windows-x86_64 | 1.0-12 | 7.00 | 106.00 | 113.00 | NOTE | |
r-patched-linux-x86_64 | 1.0-12 | 9.58 | 84.81 | 94.39 | OK | |
r-release-linux-x86_64 | 1.0-12 | 6.21 | 87.01 | 93.22 | OK | |
r-release-macos-arm64 | 1.0-12 | 49.00 | NOTE | |||
r-release-macos-x86_64 | 1.0-12 | 76.00 | NOTE | |||
r-release-windows-x86_64 | 1.0-12 | 6.00 | 104.00 | 110.00 | OK | |
r-oldrel-macos-arm64 | 1.0-12 | 66.00 | NOTE | |||
r-oldrel-macos-x86_64 | 1.0-12 | 127.00 | NOTE | |||
r-oldrel-windows-x86_64 | 1.0-12 | 6.00 | 124.00 | 130.00 | OK |
Version: 1.0-12
Check: Rd cross-references
Result: NOTE
Found the following Rd file(s) with Rd \link{} targets missing package
anchors:
device.Rd: pdf.end
Please provide package anchors for all Rd \link{} targets not in the
package itself and the base packages.
Flavor: r-devel-windows-x86_64
Version: 1.0-12
Check: package dependencies
Result: NOTE
Package suggested but not available for checking: ‘Rmpi’
Flavors: r-release-macos-arm64, r-release-macos-x86_64, r-oldrel-macos-arm64, r-oldrel-macos-x86_64
Version: 1.0-12
Check: Rd cross-references
Result: NOTE
Package unavailable to check Rd xrefs: ‘Rmpi’
Flavors: r-release-macos-arm64, r-release-macos-x86_64, r-oldrel-macos-arm64, r-oldrel-macos-x86_64