Last updated on 2024-06-27 10:49:42 CEST.
Flavor | Version | Tinstall | Tcheck | Ttotal | Status | Flags |
---|---|---|---|---|---|---|
r-devel-linux-x86_64-debian-clang | 0.1.5 | OK | ||||
r-devel-linux-x86_64-debian-gcc | 0.1.5 | 3.96 | 46.38 | 50.34 | OK | |
r-devel-linux-x86_64-fedora-clang | 0.1.5 | 86.14 | NOTE | |||
r-devel-linux-x86_64-fedora-gcc | 0.1.5 | 81.35 | NOTE | |||
r-devel-windows-x86_64 | 0.1.5 | 7.00 | 72.00 | 79.00 | OK | |
r-patched-linux-x86_64 | 0.1.5 | 6.56 | 60.62 | 67.18 | OK | |
r-release-linux-x86_64 | 0.1.5 | 6.22 | 59.56 | 65.78 | OK | |
r-release-macos-arm64 | 0.1.5 | 28.00 | OK | |||
r-release-macos-x86_64 | 0.1.5 | 40.00 | OK | |||
r-release-windows-x86_64 | 0.1.5 | 10.00 | 73.00 | 83.00 | OK | |
r-oldrel-macos-arm64 | 0.1.5 | 28.00 | OK | |||
r-oldrel-macos-x86_64 | 0.1.5 | 43.00 | OK | |||
r-oldrel-windows-x86_64 | 0.1.5 | 9.00 | 83.00 | 92.00 | OK |
Version: 0.1.5
Check: data for non-ASCII characters
Result: NOTE
Note: found 28 marked UTF-8 strings
Flavors: r-devel-linux-x86_64-fedora-clang, r-devel-linux-x86_64-fedora-gcc