Last updated on 2024-07-13 05:49:26 CEST.
Flavor | Version | Tinstall | Tcheck | Ttotal | Status | Flags |
---|---|---|---|---|---|---|
r-devel-linux-x86_64-debian-clang | 0.2.1 | 4.01 | 45.45 | 49.46 | NOTE | |
r-devel-linux-x86_64-debian-gcc | 0.2.1 | 4.07 | 35.28 | 39.35 | NOTE | |
r-devel-linux-x86_64-fedora-clang | 0.2.1 | 66.55 | NOTE | |||
r-devel-linux-x86_64-fedora-gcc | 0.2.1 | 61.62 | NOTE | |||
r-devel-windows-x86_64 | 0.2.1 | 8.00 | 56.00 | 64.00 | NOTE | |
r-patched-linux-x86_64 | 0.2.1 | 4.97 | 43.09 | 48.06 | NOTE | |
r-release-linux-x86_64 | 0.2.1 | 3.50 | 43.45 | 46.95 | NOTE | |
r-release-macos-arm64 | 0.2.1 | 23.00 | NOTE | |||
r-release-macos-x86_64 | 0.2.1 | 32.00 | NOTE | |||
r-release-windows-x86_64 | 0.2.1 | 7.00 | 56.00 | 63.00 | NOTE | |
r-oldrel-macos-arm64 | 0.2.1 | 25.00 | NOTE | |||
r-oldrel-macos-x86_64 | 0.2.1 | 34.00 | NOTE | |||
r-oldrel-windows-x86_64 | 0.2.1 | 9.00 | 61.00 | 70.00 | NOTE |
Version: 0.2.1
Check: package subdirectories
Result: NOTE
Problems with news in ‘NEWS.md’:
No news entries found.
Flavors: r-devel-linux-x86_64-debian-clang, r-devel-linux-x86_64-debian-gcc, r-devel-linux-x86_64-fedora-clang, r-devel-linux-x86_64-fedora-gcc, r-devel-windows-x86_64, r-patched-linux-x86_64, r-release-linux-x86_64, r-release-macos-arm64, r-release-macos-x86_64, r-release-windows-x86_64, r-oldrel-macos-arm64, r-oldrel-macos-x86_64, r-oldrel-windows-x86_64