Last updated on 2024-08-10 16:49:07 CEST.
Flavor | Version | Tinstall | Tcheck | Ttotal | Status | Flags |
---|---|---|---|---|---|---|
r-devel-linux-x86_64-debian-clang | 1.9 | 8.91 | 78.72 | 87.63 | NOTE | |
r-devel-linux-x86_64-debian-gcc | 1.9 | 6.75 | 58.07 | 64.82 | NOTE | |
r-devel-linux-x86_64-fedora-clang | 1.9 | 136.72 | OK | |||
r-devel-linux-x86_64-fedora-gcc | 1.9 | 134.81 | OK | |||
r-devel-windows-x86_64 | 1.9 | 13.00 | 96.00 | 109.00 | NOTE | |
r-patched-linux-x86_64 | 1.9 | 9.05 | 75.54 | 84.59 | OK | |
r-release-linux-x86_64 | 1.9 | 8.17 | 75.12 | 83.29 | OK | |
r-release-macos-arm64 | 1.9 | 45.00 | OK | |||
r-release-macos-x86_64 | 1.9 | 65.00 | OK | |||
r-release-windows-x86_64 | 1.9 | 13.00 | 95.00 | 108.00 | OK | |
r-oldrel-macos-arm64 | 1.9 | 49.00 | OK | |||
r-oldrel-macos-x86_64 | 1.9 | 105.00 | OK | |||
r-oldrel-windows-x86_64 | 1.9 | 17.00 | 116.00 | 133.00 | OK |
Version: 1.9
Check: Rd cross-references
Result: NOTE
Found the following Rd file(s) with Rd \link{} targets missing package
anchors:
dpilc.Rd: locpoly
Please provide package anchors for all Rd \link{} targets not in the
package itself and the base packages.
Flavors: r-devel-linux-x86_64-debian-clang, r-devel-linux-x86_64-debian-gcc, r-devel-windows-x86_64