Last updated on 2024-06-27 16:49:15 CEST.
Flavor | Version | Tinstall | Tcheck | Ttotal | Status | Flags |
---|---|---|---|---|---|---|
r-devel-linux-x86_64-debian-clang | 0.2.1 | NOTE | ||||
r-devel-linux-x86_64-debian-gcc | 0.2.1 | 26.00 | 89.37 | 115.37 | NOTE | |
r-devel-linux-x86_64-fedora-clang | 0.2.1 | 212.73 | NOTE | |||
r-devel-linux-x86_64-fedora-gcc | 0.2.1 | 212.53 | NOTE | |||
r-devel-windows-x86_64 | 0.2.1 | 33.00 | 123.00 | 156.00 | NOTE | |
r-patched-linux-x86_64 | 0.2.1 | 32.14 | 116.99 | 149.13 | NOTE | |
r-release-linux-x86_64 | 0.2.1 | 23.09 | 116.80 | 139.89 | NOTE | |
r-release-macos-arm64 | 0.2.1 | 57.00 | NOTE | |||
r-release-macos-x86_64 | 0.2.1 | 90.00 | NOTE | |||
r-release-windows-x86_64 | 0.2.1 | 35.00 | 124.00 | 159.00 | NOTE | |
r-oldrel-macos-arm64 | 0.2.1 | 63.00 | NOTE | |||
r-oldrel-macos-x86_64 | 0.2.1 | 101.00 | NOTE | |||
r-oldrel-windows-x86_64 | 0.2.1 | 43.00 | 156.00 | 199.00 | NOTE |
Version: 0.2.1
Check: C++ specification
Result: NOTE
Specified C++11: please drop specification unless essential
Flavors: r-devel-linux-x86_64-debian-clang, r-devel-linux-x86_64-debian-gcc, r-devel-linux-x86_64-fedora-clang, r-devel-linux-x86_64-fedora-gcc, r-devel-windows-x86_64, r-patched-linux-x86_64, r-release-linux-x86_64, r-release-macos-arm64, r-release-macos-x86_64, r-release-windows-x86_64, r-oldrel-macos-arm64, r-oldrel-macos-x86_64, r-oldrel-windows-x86_64
Version: 0.2.1
Check: package dependencies
Result: NOTE
Package suggested but not available for checking: ‘ggraph’
Flavor: r-oldrel-macos-x86_64