Last updated on 2024-07-13 11:49:27 CEST.
Flavor | Version | Tinstall | Tcheck | Ttotal | Status | Flags |
---|---|---|---|---|---|---|
r-devel-linux-x86_64-debian-clang | 0.2.3 | 687.96 | 44.04 | 732.00 | NOTE | |
r-devel-linux-x86_64-debian-gcc | 0.2.3 | 558.89 | 34.83 | 593.72 | NOTE | |
r-devel-linux-x86_64-fedora-clang | 0.2.3 | 1230.36 | NOTE | |||
r-devel-linux-x86_64-fedora-gcc | 0.2.3 | 1322.37 | NOTE | |||
r-devel-windows-x86_64 | 0.2.3 | 659.00 | 87.00 | 746.00 | NOTE | |
r-patched-linux-x86_64 | 0.2.3 | 656.03 | 44.30 | 700.33 | NOTE | |
r-release-linux-x86_64 | 0.2.3 | 657.66 | 42.89 | 700.55 | NOTE | |
r-release-macos-arm64 | 0.2.3 | 185.00 | NOTE | |||
r-release-macos-x86_64 | 0.2.3 | 143.00 | NOTE | |||
r-release-windows-x86_64 | 0.2.3 | 682.00 | 87.00 | 769.00 | NOTE | |
r-oldrel-macos-arm64 | 0.2.3 | 245.00 | NOTE | |||
r-oldrel-macos-x86_64 | 0.2.3 | 443.00 | NOTE | |||
r-oldrel-windows-x86_64 | 0.2.3 | 662.00 | 106.00 | 768.00 | NOTE |
Version: 0.2.3
Check: C++ specification
Result: NOTE
Specified C++11: please drop specification unless essential
Flavors: r-devel-linux-x86_64-debian-clang, r-devel-linux-x86_64-debian-gcc, r-devel-linux-x86_64-fedora-clang, r-devel-linux-x86_64-fedora-gcc, r-devel-windows-x86_64, r-patched-linux-x86_64, r-release-linux-x86_64, r-release-macos-arm64, r-release-macos-x86_64, r-release-windows-x86_64, r-oldrel-macos-arm64, r-oldrel-macos-x86_64, r-oldrel-windows-x86_64
Version: 0.2.3
Check: installed package size
Result: NOTE
installed size is 5.0Mb
sub-directories of 1Mb or more:
libs 3.3Mb
models 1.6Mb
Flavors: r-devel-windows-x86_64, r-release-macos-arm64, r-release-macos-x86_64, r-release-windows-x86_64, r-oldrel-macos-arm64, r-oldrel-macos-x86_64, r-oldrel-windows-x86_64