Last updated on 2024-07-13 11:49:27 CEST.
Flavor | Version | Tinstall | Tcheck | Ttotal | Status | Flags |
---|---|---|---|---|---|---|
r-devel-linux-x86_64-debian-clang | 1.30.0 | 168.64 | 255.96 | 424.60 | OK | |
r-devel-linux-x86_64-debian-gcc | 1.30.0 | 106.32 | 182.81 | 289.13 | OK | |
r-devel-linux-x86_64-fedora-clang | 1.30.0 | 556.01 | OK | |||
r-devel-linux-x86_64-fedora-gcc | 1.30.0 | 522.02 | OK | |||
r-devel-windows-x86_64 | 1.30.0 | 113.00 | 225.00 | 338.00 | OK | |
r-patched-linux-x86_64 | 1.30.0 | 121.44 | 214.48 | 335.92 | OK | |
r-release-linux-x86_64 | 1.30.0 | 89.35 | 241.68 | 331.03 | OK | |
r-release-macos-arm64 | 1.30.0 | 110.00 | NOTE | |||
r-release-macos-x86_64 | 1.30.0 | 159.00 | NOTE | |||
r-release-windows-x86_64 | 1.30.0 | 120.00 | 221.00 | 341.00 | OK | |
r-oldrel-macos-arm64 | 1.30.0 | 118.00 | NOTE | |||
r-oldrel-macos-x86_64 | 1.30.0 | 194.00 | NOTE | |||
r-oldrel-windows-x86_64 | 1.30.0 | 149.00 | 273.00 | 422.00 | OK |
Version: 1.30.0
Check: installed package size
Result: NOTE
installed size is 5.3Mb
sub-directories of 1Mb or more:
R 2.2Mb
libs 2.4Mb
Flavors: r-release-macos-arm64, r-release-macos-x86_64, r-oldrel-macos-arm64, r-oldrel-macos-x86_64