Last updated on 2024-07-13 05:49:26 CEST.
Flavor | Version | Tinstall | Tcheck | Ttotal | Status | Flags |
---|---|---|---|---|---|---|
r-devel-linux-x86_64-debian-clang | 0.1.11 | 8.05 | 214.31 | 222.36 | OK | |
r-devel-linux-x86_64-debian-gcc | 0.1.11 | 6.45 | 147.88 | 154.33 | OK | |
r-devel-linux-x86_64-fedora-clang | 0.1.11 | 259.64 | OK | |||
r-devel-linux-x86_64-fedora-gcc | 0.1.11 | 257.41 | OK | |||
r-devel-windows-x86_64 | 0.1.11 | 9.00 | 129.00 | 138.00 | NOTE | |
r-patched-linux-x86_64 | 0.1.11 | 15.11 | 183.71 | 198.82 | OK | |
r-release-linux-x86_64 | 0.1.11 | 4.60 | 196.21 | 200.81 | OK | |
r-release-macos-arm64 | 0.1.11 | 68.00 | OK | |||
r-release-macos-x86_64 | 0.1.11 | 108.00 | OK | |||
r-release-windows-x86_64 | 0.1.11 | 8.00 | 128.00 | 136.00 | OK | |
r-oldrel-macos-arm64 | 0.1.11 | 77.00 | OK | |||
r-oldrel-macos-x86_64 | 0.1.11 | 132.00 | OK | |||
r-oldrel-windows-x86_64 | 0.1.11 | 10.00 | 167.00 | 177.00 | OK |
Version: 0.1.11
Check: Rd cross-references
Result: NOTE
Found the following Rd file(s) with Rd \link{} targets missing package
anchors:
add_sig.Rd: lavaan-class
annotate_matrices.Rd: lavaan-class
compare_estimators.Rd: lavaan-class
fitMeasures_by_models.Rd: lavaan-class
group_by_groups.Rd: lavaan-class
group_by_models.Rd: lavaan-class
group_estimates.Rd: lavaan-class
print.std_solution_boot.Rd: lavaan-class
record_history.Rd: lavaan-class
show_more_options.Rd: lavaan-class, lavaan
standardizedSolution_boot_ci.Rd: lavaan-class
store_boot_def.Rd: lavaan-class
Please provide package anchors for all Rd \link{} targets not in the
package itself and the base packages.
Flavor: r-devel-windows-x86_64