Last updated on 2024-08-10 16:49:07 CEST.
Flavor | Version | Tinstall | Tcheck | Ttotal | Status | Flags |
---|---|---|---|---|---|---|
r-devel-linux-x86_64-debian-clang | 0.1.8 | 6.55 | 423.83 | 430.38 | NOTE | |
r-devel-linux-x86_64-debian-gcc | 0.1.8 | 3.70 | 264.95 | 268.65 | NOTE | |
r-devel-linux-x86_64-fedora-clang | 0.1.8 | 691.55 | OK | |||
r-devel-linux-x86_64-fedora-gcc | 0.1.8 | 668.81 | OK | |||
r-devel-windows-x86_64 | 0.1.8 | 8.00 | 255.00 | 263.00 | NOTE | |
r-patched-linux-x86_64 | 0.1.8 | 13.14 | 397.64 | 410.78 | OK | |
r-release-linux-x86_64 | 0.1.8 | 6.00 | 400.21 | 406.21 | OK | |
r-release-macos-arm64 | 0.1.8 | 144.00 | OK | |||
r-release-macos-x86_64 | 0.1.8 | 226.00 | OK | |||
r-release-windows-x86_64 | 0.1.8 | 9.00 | 253.00 | 262.00 | OK | |
r-oldrel-macos-arm64 | 0.1.8 | 156.00 | OK | |||
r-oldrel-macos-x86_64 | 0.1.8 | 394.00 | OK | |||
r-oldrel-windows-x86_64 | 0.1.8 | 11.00 | 363.00 | 374.00 | OK |
Version: 0.1.8
Check: Rd cross-references
Result: NOTE
Found the following Rd file(s) with Rd \link{} targets missing package
anchors:
est_change_plot.Rd: ggplot2
index_plot.Rd: ggplot2
influence_plot.Rd: ggplot2
Please provide package anchors for all Rd \link{} targets not in the
package itself and the base packages.
Flavors: r-devel-linux-x86_64-debian-clang, r-devel-linux-x86_64-debian-gcc, r-devel-windows-x86_64