Last updated on 2024-06-27 16:49:15 CEST.
Flavor | Version | Tinstall | Tcheck | Ttotal | Status | Flags |
---|---|---|---|---|---|---|
r-devel-linux-x86_64-debian-clang | 0.9.1 | OK | ||||
r-devel-linux-x86_64-debian-gcc | 0.9.1 | 6.42 | 53.98 | 60.40 | OK | |
r-devel-linux-x86_64-fedora-clang | 0.9.1 | 106.05 | NOTE | |||
r-devel-linux-x86_64-fedora-gcc | 0.9.1 | 112.20 | OK | |||
r-devel-windows-x86_64 | 0.9.1 | 8.00 | 74.00 | 82.00 | OK | |
r-patched-linux-x86_64 | 0.9.1 | 16.09 | 70.79 | 86.88 | OK | |
r-release-linux-x86_64 | 0.9.1 | 5.15 | 70.33 | 75.48 | OK | |
r-release-macos-arm64 | 0.9.1 | 39.00 | NOTE | |||
r-release-macos-x86_64 | 0.9.1 | 62.00 | NOTE | |||
r-release-windows-x86_64 | 0.9.1 | 9.00 | 77.00 | 86.00 | OK | |
r-oldrel-macos-arm64 | 0.9.1 | 39.00 | NOTE | |||
r-oldrel-macos-x86_64 | 0.9.1 | 57.00 | NOTE | |||
r-oldrel-windows-x86_64 | 0.9.1 | 11.00 | 86.00 | 97.00 | OK |
Version: 0.9.1
Check: package dependencies
Result: NOTE
Package suggested but not available for checking: ‘rsbml’
Flavors: r-devel-linux-x86_64-fedora-clang, r-release-macos-arm64, r-release-macos-x86_64, r-oldrel-macos-arm64, r-oldrel-macos-x86_64