Last updated on 2024-07-13 11:49:27 CEST.
Flavor | Version | Tinstall | Tcheck | Ttotal | Status | Flags |
---|---|---|---|---|---|---|
r-devel-linux-x86_64-debian-clang | 0.32.6 | 100.53 | 173.28 | 273.81 | OK | |
r-devel-linux-x86_64-debian-gcc | 0.32.6 | 72.70 | 133.27 | 205.97 | OK | |
r-devel-linux-x86_64-fedora-clang | 0.32.6 | 374.82 | OK | |||
r-devel-linux-x86_64-fedora-gcc | 0.32.6 | 369.43 | OK | |||
r-devel-windows-x86_64 | 0.32.6 | 91.00 | 171.00 | 262.00 | OK | |
r-patched-linux-x86_64 | 0.32.6 | 92.02 | 168.69 | 260.71 | OK | |
r-release-linux-x86_64 | 0.32.6 | 59.22 | 172.43 | 231.65 | OK | |
r-release-macos-arm64 | 0.32.6 | 93.00 | NOTE | |||
r-release-macos-x86_64 | 0.32.6 | 138.00 | NOTE | |||
r-release-windows-x86_64 | 0.32.6 | 91.00 | 168.00 | 259.00 | OK | |
r-oldrel-macos-arm64 | 0.32.6 | 95.00 | NOTE | |||
r-oldrel-macos-x86_64 | 0.32.6 | 186.00 | NOTE | |||
r-oldrel-windows-x86_64 | 0.32.6 | 111.00 | 210.00 | 321.00 | OK |
Version: 0.32.6
Check: installed package size
Result: NOTE
installed size is 7.7Mb
sub-directories of 1Mb or more:
R 2.1Mb
libs 5.3Mb
Flavors: r-release-macos-arm64, r-release-macos-x86_64, r-oldrel-macos-arm64, r-oldrel-macos-x86_64