Last updated on 2024-06-27 16:49:15 CEST.
Flavor | Version | Tinstall | Tcheck | Ttotal | Status | Flags |
---|---|---|---|---|---|---|
r-devel-linux-x86_64-debian-clang | 0.4.0 | OK | ||||
r-devel-linux-x86_64-debian-gcc | 0.4.0 | 9.60 | 240.22 | 249.82 | OK | |
r-devel-linux-x86_64-fedora-clang | 0.4.0 | 429.20 | NOTE | |||
r-devel-linux-x86_64-fedora-gcc | 0.4.0 | 422.71 | OK | |||
r-devel-windows-x86_64 | 0.4.0 | 11.00 | 251.00 | 262.00 | OK | |
r-patched-linux-x86_64 | 0.4.0 | 12.62 | 323.74 | 336.36 | OK | |
r-release-linux-x86_64 | 0.4.0 | 7.59 | 320.80 | 328.39 | OK | |
r-release-macos-arm64 | 0.4.0 | 126.00 | OK | |||
r-release-macos-x86_64 | 0.4.0 | 183.00 | OK | |||
r-release-windows-x86_64 | 0.4.0 | 12.00 | 251.00 | 263.00 | OK | |
r-oldrel-macos-arm64 | 0.4.0 | 114.00 | OK | |||
r-oldrel-macos-x86_64 | 0.4.0 | 270.00 | OK | |||
r-oldrel-windows-x86_64 | 0.4.0 | 16.00 | 316.00 | 332.00 | OK |
Version: 0.4.0
Check: Rd cross-references
Result: NOTE
Undeclared packages ‘janitor’, ‘unheadr’, ‘validate’ in Rd xrefs
Flavor: r-devel-linux-x86_64-fedora-clang