Last updated on 2024-06-27 16:49:15 CEST.
Flavor | Version | Tinstall | Tcheck | Ttotal | Status | Flags |
---|---|---|---|---|---|---|
r-devel-linux-x86_64-debian-clang | 1.3.5 | NOTE | ||||
r-devel-linux-x86_64-debian-gcc | 1.3.5 | 5.33 | 46.19 | 51.52 | NOTE | |
r-devel-linux-x86_64-fedora-clang | 1.3.5 | 88.66 | NOTE | |||
r-devel-linux-x86_64-fedora-gcc | 1.3.5 | 82.88 | NOTE | |||
r-devel-windows-x86_64 | 1.3.5 | 7.00 | 69.00 | 76.00 | NOTE | |
r-patched-linux-x86_64 | 1.3.5 | 7.37 | 60.85 | 68.22 | NOTE | |
r-release-linux-x86_64 | 1.3.5 | 6.26 | 59.43 | 65.69 | NOTE | |
r-release-macos-arm64 | 1.3.5 | 24.00 | NOTE | |||
r-release-macos-x86_64 | 1.3.5 | 38.00 | NOTE | |||
r-release-windows-x86_64 | 1.3.5 | 7.00 | 72.00 | 79.00 | NOTE | |
r-oldrel-macos-arm64 | 1.3.5 | 24.00 | NOTE | |||
r-oldrel-macos-x86_64 | 1.3.5 | 35.00 | NOTE | |||
r-oldrel-windows-x86_64 | 1.3.5 | 6.00 | 79.00 | 85.00 | NOTE |
Version: 1.3.5
Check: Rd files
Result: NOTE
checkRd: (-1) simulateSNPs.Rd:46: Escaped LaTeX specials: \& \& \&
checkRd: (-1) simulateSNPs.Rd:80: Escaped LaTeX specials: \& \& \&
Flavors: r-devel-linux-x86_64-debian-clang, r-devel-linux-x86_64-debian-gcc, r-devel-linux-x86_64-fedora-clang, r-devel-linux-x86_64-fedora-gcc, r-devel-windows-x86_64, r-patched-linux-x86_64, r-release-linux-x86_64, r-release-macos-arm64, r-release-macos-x86_64, r-release-windows-x86_64, r-oldrel-macos-arm64, r-oldrel-macos-x86_64, r-oldrel-windows-x86_64
Version: 1.3.5
Check: package dependencies
Result: NOTE
Package suggested but not available for checking: ‘oligoClasses’
Flavors: r-oldrel-macos-arm64, r-oldrel-macos-x86_64