Last updated on 2024-06-27 16:49:15 CEST.
Flavor | Version | Tinstall | Tcheck | Ttotal | Status | Flags |
---|---|---|---|---|---|---|
r-devel-linux-x86_64-debian-clang | 1.1.1 | OK | ||||
r-devel-linux-x86_64-debian-gcc | 1.1.1 | 49.76 | 204.00 | 253.76 | OK | |
r-devel-linux-x86_64-fedora-clang | 1.1.1 | 461.74 | OK | |||
r-devel-linux-x86_64-fedora-gcc | 1.1.1 | 462.51 | OK | |||
r-devel-windows-x86_64 | 1.1.1 | 59.00 | 288.00 | 347.00 | OK | |
r-patched-linux-x86_64 | 1.1.1 | 61.75 | 269.55 | 331.30 | OK | |
r-release-linux-x86_64 | 1.1.1 | 65.45 | 272.58 | 338.03 | OK | |
r-release-macos-arm64 | 1.1.1 | 119.00 | NOTE | |||
r-release-macos-x86_64 | 1.1.1 | 175.00 | NOTE | |||
r-release-windows-x86_64 | 1.1.1 | 59.00 | 292.00 | 351.00 | OK | |
r-oldrel-macos-arm64 | 1.1.1 | 131.00 | NOTE | |||
r-oldrel-macos-x86_64 | 1.1.1 | 370.00 | NOTE | |||
r-oldrel-windows-x86_64 | 1.1.1 | 73.00 | 338.00 | 411.00 | OK |
Version: 1.1.1
Check: installed package size
Result: NOTE
installed size is 5.9Mb
sub-directories of 1Mb or more:
libs 3.7Mb
Flavors: r-release-macos-arm64, r-release-macos-x86_64, r-oldrel-macos-arm64, r-oldrel-macos-x86_64