Last updated on 2024-07-13 05:49:26 CEST.
Flavor | Version | Tinstall | Tcheck | Ttotal | Status | Flags |
---|---|---|---|---|---|---|
r-devel-linux-x86_64-debian-clang | 1.2.0 | 49.87 | 133.51 | 183.38 | NOTE | |
r-devel-linux-x86_64-debian-gcc | 1.2.0 | 36.57 | 97.15 | 133.72 | NOTE | |
r-devel-linux-x86_64-fedora-clang | 1.2.0 | 255.32 | NOTE | |||
r-devel-linux-x86_64-fedora-gcc | 1.2.0 | 232.47 | NOTE | |||
r-devel-windows-x86_64 | 1.2.0 | 47.00 | 128.00 | 175.00 | NOTE | |
r-patched-linux-x86_64 | 1.2.0 | 34.22 | 127.35 | 161.57 | NOTE | |
r-release-linux-x86_64 | 1.2.0 | 33.69 | 126.27 | 159.96 | NOTE | |
r-release-macos-arm64 | 1.2.0 | 59.00 | NOTE | |||
r-release-macos-x86_64 | 1.2.0 | 170.00 | NOTE | |||
r-release-windows-x86_64 | 1.2.0 | 49.00 | 125.00 | 174.00 | NOTE | |
r-oldrel-macos-arm64 | 1.2.0 | 69.00 | NOTE | |||
r-oldrel-macos-x86_64 | 1.2.0 | 147.00 | NOTE | |||
r-oldrel-windows-x86_64 | 1.2.0 | 61.00 | 160.00 | 221.00 | NOTE |
Version: 1.2.0
Check: for GNU extensions in Makefiles
Result: NOTE
GNU make is a SystemRequirements.
Flavors: r-devel-linux-x86_64-debian-clang, r-devel-linux-x86_64-debian-gcc, r-devel-linux-x86_64-fedora-clang, r-devel-linux-x86_64-fedora-gcc, r-devel-windows-x86_64, r-patched-linux-x86_64, r-release-linux-x86_64, r-release-macos-arm64, r-release-macos-x86_64, r-release-windows-x86_64, r-oldrel-macos-arm64, r-oldrel-macos-x86_64, r-oldrel-windows-x86_64
Version: 1.2.0
Check: dependencies in R code
Result: NOTE
Namespace in Imports field not imported from: ‘Rcpp’
All declared Imports should be used.
Flavors: r-devel-linux-x86_64-fedora-clang, r-devel-linux-x86_64-fedora-gcc