Last updated on 2024-06-27 16:49:15 CEST.
Flavor | Version | Tinstall | Tcheck | Ttotal | Status | Flags |
---|---|---|---|---|---|---|
r-devel-linux-x86_64-debian-clang | 0.0.2 | OK | ||||
r-devel-linux-x86_64-debian-gcc | 0.0.2 | 10.75 | 253.59 | 264.34 | OK | |
r-devel-linux-x86_64-fedora-clang | 0.0.2 | 410.63 | NOTE | |||
r-devel-linux-x86_64-fedora-gcc | 0.0.2 | 410.32 | OK | |||
r-devel-windows-x86_64 | 0.0.2 | 13.00 | 235.00 | 248.00 | OK | |
r-patched-linux-x86_64 | 0.0.2 | 21.74 | 311.13 | 332.87 | OK | |
r-release-linux-x86_64 | 0.0.2 | 9.44 | 308.75 | 318.19 | OK | |
r-release-macos-arm64 | 0.0.2 | 136.00 | OK | |||
r-release-macos-x86_64 | 0.0.2 | 337.00 | OK | |||
r-release-windows-x86_64 | 0.0.2 | 14.00 | 253.00 | 267.00 | OK | |
r-oldrel-macos-arm64 | 0.0.2 | 150.00 | OK | |||
r-oldrel-macos-x86_64 | 0.0.2 | 406.00 | OK | |||
r-oldrel-windows-x86_64 | 0.0.2 | 17.00 | 242.00 | 259.00 | OK |
Version: 0.0.2
Check: Rd cross-references
Result: NOTE
Undeclared package ‘yatah’ in Rd xrefs
Flavor: r-devel-linux-x86_64-fedora-clang