Last updated on 2024-06-27 16:49:15 CEST.
Flavor | Version | Tinstall | Tcheck | Ttotal | Status | Flags |
---|---|---|---|---|---|---|
r-devel-linux-x86_64-debian-clang | 1.0-1 | OK | ||||
r-devel-linux-x86_64-debian-gcc | 1.0-1 | 7.96 | 77.67 | 85.63 | OK | |
r-devel-linux-x86_64-fedora-clang | 1.0-1 | 146.67 | NOTE | |||
r-devel-linux-x86_64-fedora-gcc | 1.0-1 | 151.50 | NOTE | |||
r-devel-windows-x86_64 | 1.0-1 | 8.00 | 101.00 | 109.00 | OK | |
r-patched-linux-x86_64 | 1.0-1 | 9.51 | 102.32 | 111.83 | OK | |
r-release-linux-x86_64 | 1.0-1 | 9.03 | 108.42 | 117.45 | OK | |
r-release-macos-arm64 | 1.0-1 | 39.00 | OK | |||
r-release-macos-x86_64 | 1.0-1 | 70.00 | OK | |||
r-release-windows-x86_64 | 1.0-1 | 9.00 | 99.00 | 108.00 | OK | |
r-oldrel-macos-arm64 | 1.0-1 | 53.00 | OK | |||
r-oldrel-macos-x86_64 | 1.0-1 | 93.00 | OK | |||
r-oldrel-windows-x86_64 | 1.0-1 | 9.00 | 111.00 | 120.00 | OK |
Version: 1.0-1
Check: dependencies in R code
Result: NOTE
Namespace in Imports field not imported from: ‘pvclust’
All declared Imports should be used.
Flavors: r-devel-linux-x86_64-fedora-clang, r-devel-linux-x86_64-fedora-gcc