Last updated on 2024-06-27 16:49:15 CEST.
Flavor | Version | Tinstall | Tcheck | Ttotal | Status | Flags |
---|---|---|---|---|---|---|
r-devel-linux-x86_64-debian-clang | 0.0.2 | OK | ||||
r-devel-linux-x86_64-debian-gcc | 0.0.2 | 195.47 | 65.25 | 260.72 | OK | |
r-devel-linux-x86_64-fedora-clang | 0.0.2 | 411.58 | OK | |||
r-devel-linux-x86_64-fedora-gcc | 0.0.2 | 513.44 | OK | |||
r-devel-windows-x86_64 | 0.0.2 | 173.00 | 94.00 | 267.00 | OK | |
r-patched-linux-x86_64 | 0.0.2 | 233.31 | 81.17 | 314.48 | OK | |
r-release-linux-x86_64 | 0.0.2 | 238.10 | 83.41 | 321.51 | OK | |
r-release-macos-arm64 | 0.0.2 | 94.00 | NOTE | |||
r-release-macos-x86_64 | 0.0.2 | 111.00 | NOTE | |||
r-release-windows-x86_64 | 0.0.2 | 175.00 | 95.00 | 270.00 | OK | |
r-oldrel-macos-arm64 | 0.0.2 | 101.00 | NOTE | |||
r-oldrel-macos-x86_64 | 0.0.2 | 112.00 | NOTE | |||
r-oldrel-windows-x86_64 | 0.0.2 | 217.00 | 119.00 | 336.00 | OK |
Version: 0.0.2
Check: installed package size
Result: NOTE
installed size is 53.6Mb
sub-directories of 1Mb or more:
libs 53.5Mb
Flavors: r-release-macos-arm64, r-release-macos-x86_64, r-oldrel-macos-arm64, r-oldrel-macos-x86_64