Last updated on 2024-07-13 11:49:26 CEST.
Flavor | Version | Tinstall | Tcheck | Ttotal | Status | Flags |
---|---|---|---|---|---|---|
r-devel-linux-x86_64-debian-clang | 2.0.11 | 612.88 | 34.01 | 646.89 | OK | |
r-devel-linux-x86_64-debian-gcc | 2.0.11 | 480.35 | 26.65 | 507.00 | OK | |
r-devel-linux-x86_64-fedora-clang | 2.0.11 | 1008.52 | OK | |||
r-devel-linux-x86_64-fedora-gcc | 2.0.11 | 1154.25 | OK | |||
r-devel-windows-x86_64 | 2.0.11 | 571.00 | 98.00 | 669.00 | OK | |
r-patched-linux-x86_64 | 2.0.11 | 580.29 | 32.45 | 612.74 | OK | |
r-release-linux-x86_64 | 2.0.11 | 576.18 | 32.98 | 609.16 | OK | |
r-release-macos-arm64 | 2.0.11 | 169.00 | NOTE | |||
r-release-macos-x86_64 | 2.0.11 | 154.00 | NOTE | |||
r-release-windows-x86_64 | 2.0.11 | 576.00 | 98.00 | 674.00 | OK | |
r-oldrel-macos-arm64 | 2.0.11 | 194.00 | NOTE | |||
r-oldrel-macos-x86_64 | 2.0.11 | 328.00 | NOTE | |||
r-oldrel-windows-x86_64 | 2.0.11 | 709.00 | 112.00 | 821.00 | OK |
Version: 2.0.11
Check: installed package size
Result: NOTE
installed size is 14.4Mb
sub-directories of 1Mb or more:
libs 14.3Mb
Flavors: r-release-macos-arm64, r-release-macos-x86_64, r-oldrel-macos-arm64, r-oldrel-macos-x86_64