Last updated on 2024-07-13 11:49:26 CEST.
Flavor | Version | Tinstall | Tcheck | Ttotal | Status | Flags |
---|---|---|---|---|---|---|
r-devel-linux-x86_64-debian-clang | 0.0.6 | 7.44 | 103.48 | 110.92 | OK | |
r-devel-linux-x86_64-debian-gcc | 0.0.6 | 7.65 | 73.29 | 80.94 | OK | |
r-devel-linux-x86_64-fedora-clang | 0.0.6 | 139.24 | OK | |||
r-devel-linux-x86_64-fedora-gcc | 0.0.6 | 140.76 | OK | |||
r-devel-windows-x86_64 | 0.0.6 | 10.00 | 102.00 | 112.00 | OK | |
r-patched-linux-x86_64 | 0.0.6 | 9.18 | 96.48 | 105.66 | OK | |
r-release-linux-x86_64 | 0.0.6 | 8.40 | 95.28 | 103.68 | OK | |
r-release-macos-arm64 | 0.0.6 | 37.00 | OK | |||
r-release-macos-x86_64 | 0.0.6 | 69.00 | OK | |||
r-release-windows-x86_64 | 0.0.6 | 9.00 | 99.00 | 108.00 | OK | |
r-oldrel-macos-arm64 | 0.0.6 | 46.00 | WARN | |||
r-oldrel-macos-x86_64 | 0.0.6 | 100.00 | WARN | |||
r-oldrel-windows-x86_64 | 0.0.6 | 12.00 | 119.00 | 131.00 | OK |
Version: 0.0.6
Check: S3 generic/method consistency
Result: WARN
matrixOps:
function(e1, e2)
matrixOps.rvec:
function(x, y)
See section ‘Generic functions and methods’ in the ‘Writing R
Extensions’ manual.
Flavors: r-oldrel-macos-arm64, r-oldrel-macos-x86_64