Last updated on 2024-06-27 16:49:14 CEST.
Flavor | Version | Tinstall | Tcheck | Ttotal | Status | Flags |
---|---|---|---|---|---|---|
r-devel-linux-x86_64-debian-clang | 0.7.1 | NOTE | ||||
r-devel-linux-x86_64-debian-gcc | 0.7.1 | 5.70 | 34.60 | 40.30 | NOTE | |
r-devel-linux-x86_64-fedora-clang | 0.7.1 | 66.91 | NOTE | |||
r-devel-linux-x86_64-fedora-gcc | 0.7.1 | 63.31 | NOTE | |||
r-devel-windows-x86_64 | 0.7.1 | 9.00 | 64.00 | 73.00 | NOTE | |
r-patched-linux-x86_64 | 0.7.1 | 6.85 | 43.57 | 50.42 | NOTE | |
r-release-linux-x86_64 | 0.7.1 | 7.14 | 45.09 | 52.23 | NOTE | |
r-release-macos-arm64 | 0.7.1 | 27.00 | NOTE | |||
r-release-macos-x86_64 | 0.7.1 | 34.00 | NOTE | |||
r-release-windows-x86_64 | 0.7.1 | 10.00 | 63.00 | 73.00 | NOTE | |
r-oldrel-macos-arm64 | 0.7.1 | 31.00 | OK | |||
r-oldrel-macos-x86_64 | 0.7.1 | 36.00 | OK | |||
r-oldrel-windows-x86_64 | 0.7.1 | 12.00 | 68.00 | 80.00 | OK |
Version: 0.7.1
Check: Rd files
Result: NOTE
checkRd: (-1) Valpha.Rd:15: Lost braces; missing escapes or markup?
15 | \item{V}{a numeric vector with (i,j) entry: V[i,j] = P(theta_{i} >= theta[alpha_{j}]|data) }
| ^
checkRd: (-1) Valpha.Rd:15: Lost braces; missing escapes or markup?
15 | \item{V}{a numeric vector with (i,j) entry: V[i,j] = P(theta_{i} >= theta[alpha_{j}]|data) }
| ^
Flavors: r-devel-linux-x86_64-debian-clang, r-devel-linux-x86_64-debian-gcc, r-devel-linux-x86_64-fedora-clang, r-devel-linux-x86_64-fedora-gcc, r-devel-windows-x86_64, r-patched-linux-x86_64, r-release-linux-x86_64, r-release-macos-arm64, r-release-macos-x86_64, r-release-windows-x86_64