Last updated on 2024-08-10 16:49:06 CEST.
Flavor | Version | Tinstall | Tcheck | Ttotal | Status | Flags |
---|---|---|---|---|---|---|
r-devel-linux-x86_64-debian-clang | 0.3.0 | 4.56 | 56.20 | 60.76 | NOTE | |
r-devel-linux-x86_64-debian-gcc | 0.3.0 | 3.27 | 39.31 | 42.58 | NOTE | |
r-devel-linux-x86_64-fedora-clang | 0.3.0 | 98.59 | NOTE | |||
r-devel-linux-x86_64-fedora-gcc | 0.3.0 | 104.93 | NOTE | |||
r-devel-windows-x86_64 | 0.3.0 | 8.00 | 74.00 | 82.00 | NOTE | |
r-patched-linux-x86_64 | 0.3.0 | 4.66 | 53.21 | 57.87 | NOTE | |
r-release-linux-x86_64 | 0.3.0 | 4.41 | 52.67 | 57.08 | NOTE | |
r-release-macos-arm64 | 0.3.0 | 38.00 | NOTE | |||
r-release-macos-x86_64 | 0.3.0 | 99.00 | NOTE | |||
r-release-windows-x86_64 | 0.3.0 | 7.00 | 75.00 | 82.00 | NOTE | |
r-oldrel-macos-arm64 | 0.3.0 | 39.00 | OK | |||
r-oldrel-macos-x86_64 | 0.3.0 | 59.00 | OK | |||
r-oldrel-windows-x86_64 | 0.3.0 | 8.00 | 86.00 | 94.00 | OK |
Version: 0.3.0
Check: Rd files
Result: NOTE
checkRd: (-1) rules.Rd:24: Lost braces; missing escapes or markup?
24 | \item Absent names are replaced with the 'rule__\\{ind\\}' where \\{ind\\} is the
| ^
checkRd: (-1) rules.Rd:24: Lost braces; missing escapes or markup?
24 | \item Absent names are replaced with the 'rule__\\{ind\\}' where \\{ind\\} is the
| ^
Flavors: r-devel-linux-x86_64-debian-clang, r-devel-linux-x86_64-debian-gcc, r-devel-linux-x86_64-fedora-clang, r-devel-linux-x86_64-fedora-gcc, r-devel-windows-x86_64, r-patched-linux-x86_64, r-release-linux-x86_64, r-release-macos-arm64, r-release-macos-x86_64, r-release-windows-x86_64